{"id":7095,"date":"2025-11-12T22:21:39","date_gmt":"2025-11-12T21:21:39","guid":{"rendered":"https:\/\/urbanicc.fr\/?page_id=7095"},"modified":"2025-11-12T22:21:41","modified_gmt":"2025-11-12T21:21:41","slug":"mais-que-se-passe-t-il-dans-les-hlm-geres-par-la-coop-ivry","status":"publish","type":"page","link":"https:\/\/urbanicc.fr\/index.php\/mais-que-se-passe-t-il-dans-les-hlm-geres-par-la-coop-ivry\/","title":{"rendered":"Mais que se passe-t-il dans les HLM g\u00e9r\u00e9s par la Coop Ivry ?"},"content":{"rendered":"\n<h2 class=\"wp-block-heading\"><s>V\u00e9tust\u00e9, manque d&rsquo;entretien, et maintenant importantes r\u00e9gularisations de charges jug\u00e9es incompr\u00e9hensibles\u2026 Les locataires expriment leur m\u00e9contentement et demandent transparence et contr\u00f4le.<\/s><\/h2>\n\n\n\n<div class=\"wp-block-columns is-layout-flex wp-container-core-columns-is-layout-9d6595d7 wp-block-columns-is-layout-flex\">\n<div class=\"wp-block-column is-layout-flow wp-block-column-is-layout-flow\" style=\"flex-basis:66.66%\">\n<p>En attendant de vraies r\u00e9ponses, les habitants s\u2019organisent.<\/p>\n\n\n\n<p>Et se donnent rendez-vous le 17 novembre 2025 :<\/p>\n\n\n\n<ul class=\"wp-block-list\">\n<li>17h : devant la mairie<\/li>\n\n\n\n<li>18h :&nbsp;salle&nbsp;Voltaire<\/li>\n<\/ul>\n<\/div>\n\n\n\n<div class=\"wp-block-column urbanicc_background urbanicc_column_right is-layout-flow wp-block-column-is-layout-flow\" style=\"flex-basis:33.33%\">\n<h4 class=\"wp-block-heading\"><strong><s>Expression libre<\/s><\/strong><br>urbanicc donne la parole aux habitants et aux dynamiques locales<\/h4>\n\n\n\n<div style=\"height:16px\" aria-hidden=\"true\" class=\"wp-block-spacer\"><\/div>\n\n\n\n<p>Nous relayons aujourd&rsquo;hui l&rsquo;appel de DAL Ivry 94 et CLCV.<\/p>\n<\/div>\n<\/div>\n\n\n\n<div style=\"height:100px\" aria-hidden=\"true\" class=\"wp-block-spacer\"><\/div>\n\n\n\n<figure class=\"wp-block-image size-large\"><img loading=\"lazy\" decoding=\"async\" width=\"819\" height=\"1024\" src=\"https:\/\/urbanicc.fr\/wp-content\/uploads\/2025\/11\/574615800_825352890385763_7279548551585325328_n-819x1024.jpg\" alt=\"\" class=\"wp-image-7096\" srcset=\"https:\/\/urbanicc.fr\/wp-content\/uploads\/2025\/11\/574615800_825352890385763_7279548551585325328_n-819x1024.jpg 819w, https:\/\/urbanicc.fr\/wp-content\/uploads\/2025\/11\/574615800_825352890385763_7279548551585325328_n-240x300.jpg 240w, https:\/\/urbanicc.fr\/wp-content\/uploads\/2025\/11\/574615800_825352890385763_7279548551585325328_n-768x960.jpg 768w, https:\/\/urbanicc.fr\/wp-content\/uploads\/2025\/11\/574615800_825352890385763_7279548551585325328_n.jpg 1080w\" sizes=\"auto, (max-width: 819px) 100vw, 819px\" \/><\/figure>\n\n\n\n<div style=\"height:100px\" aria-hidden=\"true\" class=\"wp-block-spacer\"><\/div>\n\n\n\n<figure class=\"wp-block-image size-large\"><img loading=\"lazy\" decoding=\"async\" width=\"819\" height=\"1024\" src=\"https:\/\/urbanicc.fr\/wp-content\/uploads\/2025\/11\/577664716_825352893719096_3794118761672139863_n-819x1024.jpg\" alt=\"\" class=\"wp-image-7097\" srcset=\"https:\/\/urbanicc.fr\/wp-content\/uploads\/2025\/11\/577664716_825352893719096_3794118761672139863_n-819x1024.jpg 819w, https:\/\/urbanicc.fr\/wp-content\/uploads\/2025\/11\/577664716_825352893719096_3794118761672139863_n-240x300.jpg 240w, https:\/\/urbanicc.fr\/wp-content\/uploads\/2025\/11\/577664716_825352893719096_3794118761672139863_n-768x960.jpg 768w, https:\/\/urbanicc.fr\/wp-content\/uploads\/2025\/11\/577664716_825352893719096_3794118761672139863_n.jpg 1080w\" sizes=\"auto, (max-width: 819px) 100vw, 819px\" \/><\/figure>\n\n\n\n<div style=\"height:100px\" aria-hidden=\"true\" class=\"wp-block-spacer\"><\/div>\n\n\n\n<p>mots-cl\u00e9s: Ivry-sur-Seine, Philippe Bouyssou, #DAL #CLCV #Urbanicc  #CollectifCitoyen #StopAuxChargesAbusives #PouvoirDAchat  #BailleurSocial #MobilisationCitoyenne #CoopIvryHabitat #IvrySurSeine<\/p>\n\n\n\n<div style=\"height:100px\" aria-hidden=\"true\" class=\"wp-block-spacer\"><\/div>\n","protected":false},"excerpt":{"rendered":"<p>V\u00e9tust\u00e9, manque d&rsquo;entretien, et maintenant importantes r\u00e9gularisations de charges jug\u00e9es incompr\u00e9hensibles\u2026 Les locataires expriment leur m\u00e9contentement et demandent transparence et contr\u00f4le. En attendant de vraies r\u00e9ponses, les habitants s\u2019organisent. Et se donnent rendez-vous le 17 novembre 2025 : Expression libreurbanicc donne la parole aux habitants et aux dynamiques locales Nous&#46;&#46;&#46;<\/p>\n","protected":false},"author":10,"featured_media":7103,"parent":0,"menu_order":0,"comment_status":"closed","ping_status":"closed","template":"","meta":{"_exactmetrics_skip_tracking":false,"_exactmetrics_sitenote_active":false,"_exactmetrics_sitenote_note":"","_exactmetrics_sitenote_category":0,"ngg_post_thumbnail":0,"footnotes":""},"class_list":["post-7095","page","type-page","status-publish","has-post-thumbnail","hentry"],"_links":{"self":[{"href":"https:\/\/urbanicc.fr\/index.php\/wp-json\/wp\/v2\/pages\/7095","targetHints":{"allow":["GET"]}}],"collection":[{"href":"https:\/\/urbanicc.fr\/index.php\/wp-json\/wp\/v2\/pages"}],"about":[{"href":"https:\/\/urbanicc.fr\/index.php\/wp-json\/wp\/v2\/types\/page"}],"author":[{"embeddable":true,"href":"https:\/\/urbanicc.fr\/index.php\/wp-json\/wp\/v2\/users\/10"}],"replies":[{"embeddable":true,"href":"https:\/\/urbanicc.fr\/index.php\/wp-json\/wp\/v2\/comments?post=7095"}],"version-history":[{"count":4,"href":"https:\/\/urbanicc.fr\/index.php\/wp-json\/wp\/v2\/pages\/7095\/revisions"}],"predecessor-version":[{"id":7102,"href":"https:\/\/urbanicc.fr\/index.php\/wp-json\/wp\/v2\/pages\/7095\/revisions\/7102"}],"wp:featuredmedia":[{"embeddable":true,"href":"https:\/\/urbanicc.fr\/index.php\/wp-json\/wp\/v2\/media\/7103"}],"wp:attachment":[{"href":"https:\/\/urbanicc.fr\/index.php\/wp-json\/wp\/v2\/media?parent=7095"}],"curies":[{"name":"wp","href":"https:\/\/api.w.org\/{rel}","templated":true}]}}

Mais que se passe-t-il dans les HLM gérés par la Coop Ivry ?

<h2 class="wp-block-heading"><s>Vétusté, manque d&rsquo;entretien, et maintenant importantes régularisations de charges jugées incompréhensibles… Les locataires expriment leur mécontentement et demandent transparence et contrôle.</s></h2>



<div class="wp-block-columns is-layout-flex wp-container-core-columns-is-layout-9d6595d7 wp-block-columns-is-layout-flex">
<div class="wp-block-column is-layout-flow wp-block-column-is-layout-flow" style="flex-basis:66.66%">
<p>En attendant de vraies réponses, les habitants s’organisent.</p>



<p>Et se donnent rendez-vous le 17 novembre 2025 :</p>



<ul class="wp-block-list">
<li>17h : devant la mairie</li>



<li>18h :&nbsp;salle&nbsp;Voltaire</li>
</ul>
</div>



<div class="wp-block-column urbanicc_background urbanicc_column_right is-layout-flow wp-block-column-is-layout-flow" style="flex-basis:33.33%">
<h4 class="wp-block-heading"><strong><s>Expression libre</s></strong><br>urbanicc donne la parole aux habitants et aux dynamiques locales</h4>



<div style="height:16px" aria-hidden="true" class="wp-block-spacer"></div>



<p>Nous relayons aujourd&rsquo;hui l&rsquo;appel de DAL Ivry 94 et CLCV.</p>
</div>
</div>



<div style="height:100px" aria-hidden="true" class="wp-block-spacer"></div>



<figure class="wp-block-image size-large"><img loading="lazy" decoding="async" width="819" height="1024" src="https://urbanicc.fr/wp-content/uploads/2025/11/574615800_825352890385763_7279548551585325328_n-819x1024.jpg" alt="" class="wp-image-7096" srcset="https://urbanicc.fr/wp-content/uploads/2025/11/574615800_825352890385763_7279548551585325328_n-819x1024.jpg 819w, https://urbanicc.fr/wp-content/uploads/2025/11/574615800_825352890385763_7279548551585325328_n-240x300.jpg 240w, https://urbanicc.fr/wp-content/uploads/2025/11/574615800_825352890385763_7279548551585325328_n-768x960.jpg 768w, https://urbanicc.fr/wp-content/uploads/2025/11/574615800_825352890385763_7279548551585325328_n.jpg 1080w" sizes="auto, (max-width: 819px) 100vw, 819px" /></figure>



<div style="height:100px" aria-hidden="true" class="wp-block-spacer"></div>



<figure class="wp-block-image size-large"><img loading="lazy" decoding="async" width="819" height="1024" src="https://urbanicc.fr/wp-content/uploads/2025/11/577664716_825352893719096_3794118761672139863_n-819x1024.jpg" alt="" class="wp-image-7097" srcset="https://urbanicc.fr/wp-content/uploads/2025/11/577664716_825352893719096_3794118761672139863_n-819x1024.jpg 819w, https://urbanicc.fr/wp-content/uploads/2025/11/577664716_825352893719096_3794118761672139863_n-240x300.jpg 240w, https://urbanicc.fr/wp-content/uploads/2025/11/577664716_825352893719096_3794118761672139863_n-768x960.jpg 768w, https://urbanicc.fr/wp-content/uploads/2025/11/577664716_825352893719096_3794118761672139863_n.jpg 1080w" sizes="auto, (max-width: 819px) 100vw, 819px" /></figure>



<div style="height:100px" aria-hidden="true" class="wp-block-spacer"></div>



<p>mots-clés: Ivry-sur-Seine, Philippe Bouyssou, #DAL #CLCV #Urbanicc  #CollectifCitoyen #StopAuxChargesAbusives #PouvoirDAchat  #BailleurSocial #MobilisationCitoyenne #CoopIvryHabitat #IvrySurSeine</p>



<div style="height:100px" aria-hidden="true" class="wp-block-spacer"></div>

<p>Vétusté, manque d&rsquo;entretien, et maintenant importantes régularisations de charges jugées incompréhensibles… Les locataires expriment leur mécontentement et demandent transparence et contrôle. En attendant de vraies réponses, les habitants s’organisent. Et se donnent rendez-vous le 17 novembre 2025 : Expression libreurbanicc donne la parole aux habitants et aux dynamiques locales Nous&#46;&#46;&#46;</p>
