{"id":7035,"date":"2025-09-17T23:16:49","date_gmt":"2025-09-17T21:16:49","guid":{"rendered":"https:\/\/urbanicc.fr\/?page_id=7035"},"modified":"2025-10-31T22:34:31","modified_gmt":"2025-10-31T21:34:31","slug":"tribune-commercants-le-monde","status":"publish","type":"page","link":"https:\/\/urbanicc.fr\/index.php\/tribune-commercants-le-monde\/","title":{"rendered":"Tribune commer\u00e7ants Le Monde"},"content":{"rendered":"\n<h2 class=\"wp-block-heading\"><s>Ivry-Port &#8211; Redonnons souffle au quartier : transformons la zone b\u00e9tonn\u00e9e en espace utile et vert<\/s><\/h2>\n\n\n\n<div class=\"wp-block-columns is-layout-flex wp-container-core-columns-is-layout-9d6595d7 wp-block-columns-is-layout-flex\">\n<div class=\"wp-block-column is-layout-flow wp-block-column-is-layout-flow\" style=\"flex-basis:66.66%\">\n<p>\u00c0 Ivry-Port, en face de la pharmacie et de la boulangerie, s\u2019\u00e9tend une large zone b\u00e9tonn\u00e9e.<\/p>\n\n\n\n<p><s>Elle pourrait \u00eatre un lieu de vie agr\u00e9able et anim\u00e9. Elle est aujourd\u2019hui un <strong>d\u00e9sert min\u00e9ral<\/strong>, sans ombre, sans verdure, sans usage, et \u00e9vit\u00e9e par les passants. Un v\u00e9ritable <strong>\u00eelot de chaleur<\/strong> en \u00e9t\u00e9, qui contraste violemment avec les besoins actuels des habitants et l\u2019urgence \u00e9cologique.<\/s><\/p>\n\n\n\n<div style=\"height:100px\" aria-hidden=\"true\" class=\"wp-block-spacer\"><\/div>\n\n\n\n<figure class=\"wp-block-image size-large\"><img loading=\"lazy\" decoding=\"async\" width=\"1024\" height=\"623\" src=\"https:\/\/urbanicc.fr\/wp-content\/uploads\/2025\/09\/@@@@@10Avenue-de-lIndustrie-1024x623.jpg\" alt=\"\" class=\"wp-image-7038\" srcset=\"https:\/\/urbanicc.fr\/wp-content\/uploads\/2025\/09\/@@@@@10Avenue-de-lIndustrie-1024x623.jpg 1024w, https:\/\/urbanicc.fr\/wp-content\/uploads\/2025\/09\/@@@@@10Avenue-de-lIndustrie-300x183.jpg 300w, https:\/\/urbanicc.fr\/wp-content\/uploads\/2025\/09\/@@@@@10Avenue-de-lIndustrie-768x467.jpg 768w, https:\/\/urbanicc.fr\/wp-content\/uploads\/2025\/09\/@@@@@10Avenue-de-lIndustrie-1536x935.jpg 1536w, https:\/\/urbanicc.fr\/wp-content\/uploads\/2025\/09\/@@@@@10Avenue-de-lIndustrie.jpg 1619w\" sizes=\"auto, (max-width: 1024px) 100vw, 1024px\" \/><\/figure>\n\n\n\n<div style=\"height:100px\" aria-hidden=\"true\" class=\"wp-block-spacer\"><\/div>\n\n\n\n<p>Nous, <strong>commer\u00e7ants install\u00e9s autour de cet espace<\/strong>, souhaitons porter une proposition simple, concr\u00e8te et f\u00e9d\u00e9ratrice : <strong>r\u00e9am\u00e9nager cet espace pour qu\u2019il soit au service du quartier.<\/strong><\/p>\n\n\n\n<p>Nos demandes sont claires :<\/p>\n\n\n\n<ul class=\"wp-block-list\">\n<li><strong>V\u00e9g\u00e9talisation<\/strong> de la place pour rafra\u00eechir, embellir, et cr\u00e9er un lieu propice \u00e0 la vie de quartier.<\/li>\n\n\n\n<li><strong>Cr\u00e9ation de places arr\u00eat-minute<\/strong> pour faciliter l\u2019acc\u00e8s aux commerces, soutenir l\u2019activit\u00e9 locale et d\u00e9senclaver le secteur.<\/li>\n<\/ul>\n\n\n\n<p>Cette proposition est port\u00e9e par les enseignes suivantes : la pharmacie, Carrefour City, Picard, SB Institut, la boulangerie, la brasserie Jade, le restaurant KOBOON, le cabinet de chiropractie LIFEFORCE et le cabinet de radiologie en cours d\u2019installation.<\/p>\n\n\n\n<p>Nous appelons la Ville \u00e0 <strong>engager rapidement une concertation<\/strong> avec les habitants et les commer\u00e7ants pour transformer cet espace st\u00e9rile en <strong>un lieu de vie, de rencontre, et d\u2019avenir.<\/strong><\/p>\n<\/div>\n\n\n\n<div class=\"wp-block-column urbanicc_background urbanicc_column_right is-layout-flow wp-block-column-is-layout-flow\" style=\"flex-basis:33.33%\">\n<h2 class=\"wp-block-heading\"><\/h2>\n\n\n\n<h4 class=\"wp-block-heading\"><strong><s>Expression libre<\/s><\/strong><br>urbanicc donne la parole aux habitants et aux dynamiques locales<\/h4>\n\n\n\n<div style=\"height:16px\" aria-hidden=\"true\" class=\"wp-block-spacer\"><\/div>\n\n\n\n<p>Le contenu de cette page est de la responsabilit\u00e9 du <strong>Collectif des commer\u00e7ants<\/strong> \u00eelot Le Monde :<\/p>\n\n\n\n<ul class=\"wp-block-list\">\n<li>Pharmacie<\/li>\n\n\n\n<li>Carrefour City<\/li>\n\n\n\n<li>SB Institut<\/li>\n\n\n\n<li>Picard<\/li>\n\n\n\n<li>Maison des Saveurs<\/li>\n\n\n\n<li>Brasserie Jade<\/li>\n\n\n\n<li>Koboon<\/li>\n\n\n\n<li>Lifeforce<\/li>\n\n\n\n<li>Cabinet de radiologie<\/li>\n<\/ul>\n\n\n\n<div data-wp-interactive=\"core\/file\" class=\"wp-block-file\"><object data-wp-bind--hidden=\"!state.hasPdfPreview\" hidden class=\"wp-block-file__embed\" data=\"https:\/\/urbanicc.fr\/wp-content\/uploads\/2025\/09\/TribuneIvryPort-1.pdf\" type=\"application\/pdf\" style=\"width:100%;height:600px\" aria-label=\"Contenu embarqu\u00e9 TribuneIvryPort.\"><\/object><a id=\"wp-block-file--media-ed0d5ef2-a51f-4c1e-95e8-e320eaffb65b\" href=\"https:\/\/urbanicc.fr\/wp-content\/uploads\/2025\/09\/TribuneIvryPort-1.pdf\">TribuneIvryPort<\/a><a href=\"https:\/\/urbanicc.fr\/wp-content\/uploads\/2025\/09\/TribuneIvryPort-1.pdf\" class=\"wp-block-file__button wp-element-button\" download aria-describedby=\"wp-block-file--media-ed0d5ef2-a51f-4c1e-95e8-e320eaffb65b\">T\u00e9l\u00e9charger<\/a><\/div>\n<\/div>\n<\/div>\n\n\n\n<div style=\"height:47px\" aria-hidden=\"true\" class=\"wp-block-spacer\"><\/div>\n\n\n\n<h2 class=\"wp-block-heading has-black-color has-luminous-vivid-amber-background-color has-text-color has-background has-link-color wp-elements-3ca29069075d5c58900572f031fe3b3d\">Signez la p\u00e9tition pour soutenir cette initiative : <a href=\"https:\/\/www.mesopinions.com\/petition\/nature-environnement\/redonnons-souffle-quartier-transformons-zone-betonnee\/253266\">MesOpinions<\/a><\/h2>\n\n\n\n<div style=\"height:100px\" aria-hidden=\"true\" class=\"wp-block-spacer\"><\/div>\n\n\n\n<figure class=\"wp-block-image size-large\"><img loading=\"lazy\" decoding=\"async\" width=\"1024\" height=\"572\" src=\"https:\/\/urbanicc.fr\/wp-content\/uploads\/2025\/09\/WhatsApp-Image-2025-09-16-a-18.22.42_6f399deb-1024x572.jpg\" alt=\"\" class=\"wp-image-7039\" srcset=\"https:\/\/urbanicc.fr\/wp-content\/uploads\/2025\/09\/WhatsApp-Image-2025-09-16-a-18.22.42_6f399deb-1024x572.jpg 1024w, https:\/\/urbanicc.fr\/wp-content\/uploads\/2025\/09\/WhatsApp-Image-2025-09-16-a-18.22.42_6f399deb-300x168.jpg 300w, https:\/\/urbanicc.fr\/wp-content\/uploads\/2025\/09\/WhatsApp-Image-2025-09-16-a-18.22.42_6f399deb-768x429.jpg 768w, https:\/\/urbanicc.fr\/wp-content\/uploads\/2025\/09\/WhatsApp-Image-2025-09-16-a-18.22.42_6f399deb-1536x858.jpg 1536w, https:\/\/urbanicc.fr\/wp-content\/uploads\/2025\/09\/WhatsApp-Image-2025-09-16-a-18.22.42_6f399deb.jpg 2048w\" sizes=\"auto, (max-width: 1024px) 100vw, 1024px\" \/><\/figure>\n\n\n\n<div style=\"height:100px\" aria-hidden=\"true\" class=\"wp-block-spacer\"><\/div>\n","protected":false},"excerpt":{"rendered":"<p>Ivry-Port &#8211; Redonnons souffle au quartier : transformons la zone b\u00e9tonn\u00e9e en espace utile et vert \u00c0 Ivry-Port, en face de la pharmacie et de la boulangerie, s\u2019\u00e9tend une large zone b\u00e9tonn\u00e9e. Elle pourrait \u00eatre un lieu de vie agr\u00e9able et anim\u00e9. Elle est aujourd\u2019hui un d\u00e9sert min\u00e9ral, sans ombre,&#46;&#46;&#46;<\/p>\n","protected":false},"author":10,"featured_media":7053,"parent":0,"menu_order":0,"comment_status":"closed","ping_status":"closed","template":"","meta":{"_exactmetrics_skip_tracking":false,"_exactmetrics_sitenote_active":false,"_exactmetrics_sitenote_note":"","_exactmetrics_sitenote_category":0,"ngg_post_thumbnail":0,"footnotes":""},"class_list":["post-7035","page","type-page","status-publish","has-post-thumbnail","hentry"],"_links":{"self":[{"href":"https:\/\/urbanicc.fr\/index.php\/wp-json\/wp\/v2\/pages\/7035","targetHints":{"allow":["GET"]}}],"collection":[{"href":"https:\/\/urbanicc.fr\/index.php\/wp-json\/wp\/v2\/pages"}],"about":[{"href":"https:\/\/urbanicc.fr\/index.php\/wp-json\/wp\/v2\/types\/page"}],"author":[{"embeddable":true,"href":"https:\/\/urbanicc.fr\/index.php\/wp-json\/wp\/v2\/users\/10"}],"replies":[{"embeddable":true,"href":"https:\/\/urbanicc.fr\/index.php\/wp-json\/wp\/v2\/comments?post=7035"}],"version-history":[{"count":6,"href":"https:\/\/urbanicc.fr\/index.php\/wp-json\/wp\/v2\/pages\/7035\/revisions"}],"predecessor-version":[{"id":7045,"href":"https:\/\/urbanicc.fr\/index.php\/wp-json\/wp\/v2\/pages\/7035\/revisions\/7045"}],"wp:featuredmedia":[{"embeddable":true,"href":"https:\/\/urbanicc.fr\/index.php\/wp-json\/wp\/v2\/media\/7053"}],"wp:attachment":[{"href":"https:\/\/urbanicc.fr\/index.php\/wp-json\/wp\/v2\/media?parent=7035"}],"curies":[{"name":"wp","href":"https:\/\/api.w.org\/{rel}","templated":true}]}}