{"id":6910,"date":"2025-05-26T00:13:59","date_gmt":"2025-05-25T22:13:59","guid":{"rendered":"https:\/\/urbanicc.fr\/?page_id=6910"},"modified":"2025-10-15T21:13:32","modified_gmt":"2025-10-15T19:13:32","slug":"association-passerelles","status":"publish","type":"page","link":"https:\/\/urbanicc.fr\/index.php\/association-passerelles\/","title":{"rendered":"association PASSERELLES"},"content":{"rendered":"\n<h3 class=\"wp-block-heading\"><s>Association de quartier Ivry-Port<\/s>.<\/h3>\n\n\n\n<p><\/p>\n\n\n\n<figure class=\"wp-block-image size-large\"><img loading=\"lazy\" decoding=\"async\" width=\"1024\" height=\"444\" src=\"https:\/\/urbanicc.fr\/wp-content\/uploads\/2025\/05\/image-1024x444.png\" alt=\"\" class=\"wp-image-6911\" srcset=\"https:\/\/urbanicc.fr\/wp-content\/uploads\/2025\/05\/image-1024x444.png 1024w, https:\/\/urbanicc.fr\/wp-content\/uploads\/2025\/05\/image-300x130.png 300w, https:\/\/urbanicc.fr\/wp-content\/uploads\/2025\/05\/image-768x333.png 768w, https:\/\/urbanicc.fr\/wp-content\/uploads\/2025\/05\/image.png 1345w\" sizes=\"auto, (max-width: 1024px) 100vw, 1024px\" \/><\/figure>\n\n\n\n<div class=\"wp-block-columns is-layout-flex wp-container-core-columns-is-layout-9d6595d7 wp-block-columns-is-layout-flex\">\n<div class=\"wp-block-column is-layout-flow wp-block-column-is-layout-flow\" style=\"flex-basis:66.66%\">\n<h2 class=\"wp-block-heading\">QUI SOMMES-NOUS ?<\/h2>\n\n\n\n<ul class=\"wp-block-list\">\n<li>Une association loi 1901 cr\u00e9\u00e9e en 2004 sous le n\u00b0W941002929<\/li>\n\n\n\n<li>Un collectif compos\u00e9 d\u2019habitants d\u2019Ivry-Port<\/li>\n\n\n\n<li>Membre de la Commission de Suivi de Site (CSS) de l\u2019usine d\u2019incin\u00e9ration des d\u00e9chets Ivry-Paris XIII et du Collectif 3R (R\u00e9duire, R\u00e9utiliser, Recycler)<\/li>\n<\/ul>\n<\/div>\n\n\n\n<div class=\"wp-block-column urbanicc_background urbanicc_column_right is-layout-flow wp-block-column-is-layout-flow\" style=\"flex-basis:33.33%\">\n<h2 class=\"wp-block-heading\">Contact<\/h2>\n\n\n\n<p class=\"has-text-align-left\">mail : <br><a href=\"mailto:passerelles.ivryport@gmail.com\">passerelles.ivryport@gmail.com<\/a><\/p>\n\n\n\n<p class=\"has-text-align-left\">site internet : <a href=\"https:\/\/www.helloasso.com\/associations\/passerelles-ivry-port\">https:\/\/www.helloasso.com\/associations\/passerelles-ivry-port<\/a><\/p>\n<\/div>\n<\/div>\n\n\n\n<ul class=\"wp-block-list\">\n<li><\/li>\n<\/ul>\n\n\n\n<p><\/p>\n\n\n\n<h2 class=\"wp-block-heading\">NOS OBJECTIFS ?<\/h2>\n\n\n\n<ul class=\"wp-block-list\">\n<li>Le renforcement des liens de voisinage, des \u00e9changes et de la convivialit\u00e9 entre les habitants. Nous avons l\u2019intention de faire revivre les REPAS DES VOISINS au pied de la passerelle qui m\u00e8ne au Parc des Cormailles.<\/li>\n\n\n\n<li>La r\u00e9duction des pollutions de toutes origines pour une meilleure sant\u00e9 publique. Ivry Port est une ancienne zone industrielle aux sols tr\u00e8s pollu\u00e9s. La pollution au mercure du Coll\u00e8ge Assia Djebar qui aurait d\u00fb ouvrir il y a 10 ans en est un exemple. Ivry-Port est aussi le lieu d\u2019implantation de l\u2019usine d\u2019incin\u00e9ration des d\u00e9chets Ivry-Paris XIII , qui s\u2019av\u00e8re g\u00e9n\u00e9rer une pollution tr\u00e8s pr\u00e9occupante aux dioxines et aux m\u00e9taux lourds. Elle devrait \u00eatre remplac\u00e9e avant la fin de l\u2019ann\u00e9e 2025 par une nouvelle usine qui br\u00fblera 2 fois moins de d\u00e9chets, mais dont les futurs seuils r\u00e9glementaires de pollution ne nous satisfont pas.<\/li>\n\n\n\n<li>Un d\u00e9veloppement urbain harmonieux : une ville \u00e0 densit\u00e9 humaine , le d\u00e9senclavement du quartier, l\u2019am\u00e9lioration des circulations douces (pi\u00e9tons, v\u00e9los,\u2026). Nous travaillons avec l\u2019association URBANICC sur les projets urbains impactants d\u2019Ivry-Confluences et d\u2019Ivry-Port-Nord, et notamment sur le projet Quais d\u2019Ivry.<\/li>\n<\/ul>\n\n\n\n<div style=\"height:189px\" aria-hidden=\"true\" class=\"wp-block-spacer\"><\/div>\n\n\n\n<p><\/p>\n","protected":false},"excerpt":{"rendered":"<p>Association de quartier Ivry-Port. QUI SOMMES-NOUS ? Contact mail : passerelles.ivryport@gmail.com site internet : https:\/\/www.helloasso.com\/associations\/passerelles-ivry-port NOS OBJECTIFS ?<\/p>\n","protected":false},"author":10,"featured_media":6913,"parent":0,"menu_order":0,"comment_status":"closed","ping_status":"closed","template":"","meta":{"_exactmetrics_skip_tracking":false,"_exactmetrics_sitenote_active":false,"_exactmetrics_sitenote_note":"","_exactmetrics_sitenote_category":0,"ngg_post_thumbnail":0,"footnotes":""},"class_list":["post-6910","page","type-page","status-publish","has-post-thumbnail","hentry"],"_links":{"self":[{"href":"https:\/\/urbanicc.fr\/index.php\/wp-json\/wp\/v2\/pages\/6910","targetHints":{"allow":["GET"]}}],"collection":[{"href":"https:\/\/urbanicc.fr\/index.php\/wp-json\/wp\/v2\/pages"}],"about":[{"href":"https:\/\/urbanicc.fr\/index.php\/wp-json\/wp\/v2\/types\/page"}],"author":[{"embeddable":true,"href":"https:\/\/urbanicc.fr\/index.php\/wp-json\/wp\/v2\/users\/10"}],"replies":[{"embeddable":true,"href":"https:\/\/urbanicc.fr\/index.php\/wp-json\/wp\/v2\/comments?post=6910"}],"version-history":[{"count":4,"href":"https:\/\/urbanicc.fr\/index.php\/wp-json\/wp\/v2\/pages\/6910\/revisions"}],"predecessor-version":[{"id":6923,"href":"https:\/\/urbanicc.fr\/index.php\/wp-json\/wp\/v2\/pages\/6910\/revisions\/6923"}],"wp:featuredmedia":[{"embeddable":true,"href":"https:\/\/urbanicc.fr\/index.php\/wp-json\/wp\/v2\/media\/6913"}],"wp:attachment":[{"href":"https:\/\/urbanicc.fr\/index.php\/wp-json\/wp\/v2\/media?parent=6910"}],"curies":[{"name":"wp","href":"https:\/\/api.w.org\/{rel}","templated":true}]}}

<h3 class="wp-block-heading"><s>Association de quartier Ivry-Port</s>.</h3>



<p></p>



<figure class="wp-block-image size-large"><img loading="lazy" decoding="async" width="1024" height="444" src="https://urbanicc.fr/wp-content/uploads/2025/05/image-1024x444.png" alt="" class="wp-image-6911" srcset="https://urbanicc.fr/wp-content/uploads/2025/05/image-1024x444.png 1024w, https://urbanicc.fr/wp-content/uploads/2025/05/image-300x130.png 300w, https://urbanicc.fr/wp-content/uploads/2025/05/image-768x333.png 768w, https://urbanicc.fr/wp-content/uploads/2025/05/image.png 1345w" sizes="auto, (max-width: 1024px) 100vw, 1024px" /></figure>



<div class="wp-block-columns is-layout-flex wp-container-core-columns-is-layout-9d6595d7 wp-block-columns-is-layout-flex">
<div class="wp-block-column is-layout-flow wp-block-column-is-layout-flow" style="flex-basis:66.66%">
<h2 class="wp-block-heading">QUI SOMMES-NOUS ?</h2>



<ul class="wp-block-list">
<li>Une association loi 1901 créée en 2004 sous le n°W941002929</li>



<li>Un collectif composé d’habitants d’Ivry-Port</li>



<li>Membre de la Commission de Suivi de Site (CSS) de l’usine d’incinération des déchets Ivry-Paris XIII et du Collectif 3R (Réduire, Réutiliser, Recycler)</li>
</ul>
</div>



<div class="wp-block-column urbanicc_background urbanicc_column_right is-layout-flow wp-block-column-is-layout-flow" style="flex-basis:33.33%">
<h2 class="wp-block-heading">Contact</h2>



<p class="has-text-align-left">mail : <br><a href="mailto:passerelles.ivryport@gmail.com">passerelles.ivryport@gmail.com</a></p>



<p class="has-text-align-left">site internet : <a href="https://www.helloasso.com/associations/passerelles-ivry-port">https://www.helloasso.com/associations/passerelles-ivry-port</a></p>
</div>
</div>



<ul class="wp-block-list">
<li></li>
</ul>



<p></p>



<h2 class="wp-block-heading">NOS OBJECTIFS ?</h2>



<ul class="wp-block-list">
<li>Le renforcement des liens de voisinage, des échanges et de la convivialité entre les habitants. Nous avons l’intention de faire revivre les REPAS DES VOISINS au pied de la passerelle qui mène au Parc des Cormailles.</li>



<li>La réduction des pollutions de toutes origines pour une meilleure santé publique. Ivry Port est une ancienne zone industrielle aux sols très pollués. La pollution au mercure du Collège Assia Djebar qui aurait dû ouvrir il y a 10 ans en est un exemple. Ivry-Port est aussi le lieu d’implantation de l’usine d’incinération des déchets Ivry-Paris XIII , qui s’avère générer une pollution très préoccupante aux dioxines et aux métaux lourds. Elle devrait être remplacée avant la fin de l’année 2025 par une nouvelle usine qui brûlera 2 fois moins de déchets, mais dont les futurs seuils réglementaires de pollution ne nous satisfont pas.</li>



<li>Un développement urbain harmonieux : une ville à densité humaine , le désenclavement du quartier, l’amélioration des circulations douces (piétons, vélos,…). Nous travaillons avec l’association URBANICC sur les projets urbains impactants d’Ivry-Confluences et d’Ivry-Port-Nord, et notamment sur le projet Quais d’Ivry.</li>
</ul>



<div style="height:189px" aria-hidden="true" class="wp-block-spacer"></div>



<p></p>
