{"id":5910,"date":"2023-11-01T23:28:48","date_gmt":"2023-11-01T22:28:48","guid":{"rendered":"https:\/\/urbanicc.fr\/?page_id=5910"},"modified":"2023-11-15T22:24:52","modified_gmt":"2023-11-15T21:24:52","slug":"sondage-vegetalisation-les-resultats","status":"publish","type":"page","link":"https:\/\/urbanicc.fr\/index.php\/sondage-vegetalisation-les-resultats\/","title":{"rendered":"Sondage v\u00e9g\u00e9talisation Ivry-Port &#8211; les r\u00e9sultats"},"content":{"rendered":"\n<h3 class=\"wp-block-heading\"><s>Les habitants du quartier en ont une connaissance tr\u00e8s fine car ils l\u2019arpentent tous les jours. Leur expertise d\u2019usage est un atout \u00e0 exploiter en compl\u00e9mentarit\u00e9 avec les conclusions de bureaux d\u2019\u00e9tudes externes et des services techniques de la commune. En tant qu\u2019habitant ils ont \u00e9galement un int\u00e9r\u00eat presque intime \u00e0 ce que le quartier soit vivable malgr\u00e9 l\u2019augmentation des temp\u00e9ratures et des \u00e9pisodes caniculaires dans les prochaines ann\u00e9es.&nbsp;&nbsp;<\/s><\/h3>\n\n\n\n<div style=\"height:100px\" aria-hidden=\"true\" class=\"wp-block-spacer\"><\/div>\n\n\n\n<div class=\"wp-block-columns is-layout-flex wp-container-core-columns-is-layout-9d6595d7 wp-block-columns-is-layout-flex\">\n<div class=\"wp-block-column is-layout-flow wp-block-column-is-layout-flow\" style=\"flex-basis:66.66%\">\n<h3 class=\"wp-block-heading\"><strong><s>Les habitants \u201cexperts\u201d de leur quartier&nbsp;<\/s><\/strong><\/h3>\n\n\n\n<p>Urbanicc est une association ind\u00e9pendante qui milite pour une participation r\u00e9elle des habitants \u00e0 la fabrique de la ville, notamment dans le cadre de l&rsquo;op\u00e9ration de la ZAC Ivry Confluences. En 2022, Urbanicc a propos\u00e9 aux habitants du quartier de se rassembler autour de th\u00e9matiques qui leur tiennent \u00e0 c\u0153ur dans le cadre d\u2019ateliers. La micro-v\u00e9g\u00e9talisation, les espaces verts privatifs et publics ainsi que l\u2019adaptabilit\u00e9 du quartier au changement climatique sont apparus comme des pr\u00e9occupations majeures pour les habitants de Ivry-Port qui se plaignent d&rsquo;un quartier tr\u00e8s min\u00e9ral..<\/p>\n<\/div>\n\n\n\n<div class=\"wp-block-column urbanicc_background is-layout-flow wp-block-column-is-layout-flow\" style=\"flex-basis:33.33%\">\n<p><strong>Notre dossier v\u00e9g\u00e9talisation<\/strong><\/p>\n\n\n\n<p class=\"has-text-align-left\"><i class=\"fas fa-arrow-alt-circle-right\"><\/i> <a href=\"https:\/\/urbanicc.fr\/index.php\/2023\/11\/15\/un-plan-de-vegetalisation-citoyen-pour-ivry-port\/\">Les informations essentielles pour comprendre notre d\u00e9marche<\/a><br><i class=\"fas fa-arrow-alt-circle-right\"><\/i> <a href=\"https:\/\/urbanicc.fr\/index.php\/plan-de-vegetalisation-citoyen-de-ivry-port-les-enjeux\/\">Les enjeux de la v\u00e9g\u00e9talisation et de la renaturation<\/a><br><i class=\"fas fa-arrow-alt-circle-right\"><\/i> <a href=\"https:\/\/urbanicc.fr\/index.php\/carte-de-vegetalisation-de-ivry-port\/\">Les propositions des habitants sous forme de carte interactive<\/a><\/p>\n<\/div>\n<\/div>\n\n\n\n<p>Il a donc \u00e9t\u00e9 d\u00e9cid\u00e9 de r\u00e9aliser un sondage aupr\u00e8s des habitants du quartier pour recueillir leur avis sur la v\u00e9g\u00e9talisation du quartier actuel et futur afin de faire un premier \u00e9tat des lieux.&nbsp;&nbsp;<\/p>\n\n\n\n<p>Des balades urbaines ont ensuite \u00e9t\u00e9 r\u00e9alis\u00e9es avec des habitants du quartier afin de le photographier et proposer un plan de micro-v\u00e9g\u00e9talisation \u201ccitoyen\u201d. Ce plan a pour vocation de servir de support accessible \u00e0 tous pour promouvoir les actions de micro-v\u00e9g\u00e9talisation aupr\u00e8s de la mairie et de l\u2019am\u00e9nageur ainsi que pour f\u00e9d\u00e9rer les habitants pour faire \u00e9merger des actions citoyennes autour de la promotion de la biodiversit\u00e9 en ville.&nbsp;<\/p>\n\n\n\n<p>La derni\u00e8re partie \u00e9valuera la disposition des espaces verts publics dans le quartier d\u2019Ivry Port.&nbsp;&nbsp;<\/p>\n\n\n\n<p>Les objectifs du pr\u00e9sent travail sont:<\/p>\n\n\n\n<ul class=\"wp-block-list\">\n<li>Promouvoir la micro-v\u00e9g\u00e9talisation de l\u2019ensemble du quartier d&rsquo;Ivry port.<\/li>\n\n\n\n<li>Inciter les habitants \u00e0 s&rsquo;engager dans la fabrique de leur quartier.<\/li>\n\n\n\n<li>Inciter les d\u00e9marches citoyennes en faveur de la biodiversit\u00e9 en ville.<\/li>\n\n\n\n<li>Cr\u00e9er des moments conviviaux entre habitants en r\u00e9alisant des ballades avec des habitants de tous les \u00e2ges.<\/li>\n<\/ul>\n\n\n\n<div style=\"height:100px\" aria-hidden=\"true\" class=\"wp-block-spacer\"><\/div>\n\n\n\n<h3 class=\"wp-block-heading\"><strong><s>Sondage sur l\u2019adaptation du quartier au changement climatique<\/s><\/strong><\/h3>\n\n\n\n<div class=\"wp-block-columns is-layout-flex wp-container-core-columns-is-layout-9d6595d7 wp-block-columns-is-layout-flex\">\n<div class=\"wp-block-column is-layout-flow wp-block-column-is-layout-flow\" style=\"flex-basis:66.66%\">\n<p>Un sondage a \u00e9t\u00e9 r\u00e9alis\u00e9 lors de la f\u00eate de quartier en Mai 2023 et sur nos r\u00e9seaux sociaux (juillet 2023) pour interroger les habitants sur leur avis sur la v\u00e9g\u00e9talisation du quartier et son adaptation au changement climatique.<\/p>\n<\/div>\n\n\n\n<div class=\"wp-block-column urbanicc_background is-layout-flow wp-block-column-is-layout-flow\" style=\"flex-basis:33.33%\">\n<p><strong><s>Vous n&rsquo;avez pas encore r\u00e9pondu au sondage ?<\/s><\/strong><\/p>\n\n\n\n<p>Il reste ouvert pour vous laisser le temps de donner votre avis <i class=\"fas fa-arrow-circle-right\"><\/i> <a href=\"https:\/\/forms.office.com\/Pages\/ResponsePage.aspx?id=DQSIkWdsW0yxEjajBLZtrQAAAAAAAAAAAANAAYQxWA5URUFDUDNXRUROTUtWTzhLOTA2OVI0MDdXUi4u\">acc\u00e9der au sondage<\/a><\/p>\n<\/div>\n<\/div>\n\n\n\n<h3 class=\"wp-block-heading\">Profils des habitants interrog\u00e9s<\/h3>\n\n\n\n<p>237 habitants ont r\u00e9pondu \u00e0 notre sondage, 53% \u00e9taient des femmes et 47% des hommes. Parmi les sond\u00e9s, 92% habitent \u00e0 Ivry-Port et 6,5% habitent dans d\u2019autres quartiers d\u2019Ivry-sur-Seine. 51% des sond\u00e9s ont entre 35 et 50 ans avec une large majorit\u00e9 d\u2019actifs (71%). Aucun \u00e9tudiant n\u2019a r\u00e9pondu \u00e0 notre questionnaire.&nbsp;<\/p>\n\n\n\n<figure class=\"wp-block-image size-large\"><img loading=\"lazy\" decoding=\"async\" width=\"1024\" height=\"380\" src=\"https:\/\/urbanicc.fr\/wp-content\/uploads\/2023\/11\/image-1024x380.png\" alt=\"\" class=\"wp-image-5913\" srcset=\"https:\/\/urbanicc.fr\/wp-content\/uploads\/2023\/11\/image-1024x380.png 1024w, https:\/\/urbanicc.fr\/wp-content\/uploads\/2023\/11\/image-300x111.png 300w, https:\/\/urbanicc.fr\/wp-content\/uploads\/2023\/11\/image-768x285.png 768w, https:\/\/urbanicc.fr\/wp-content\/uploads\/2023\/11\/image.png 1184w\" sizes=\"auto, (max-width: 1024px) 100vw, 1024px\" \/><\/figure>\n\n\n\n<ul class=\"wp-block-list\">\n<li>85% des sond\u00e9s ont r\u00e9pondu que le quartier est trop min\u00e9ral&nbsp; (n=185\/222).<\/li>\n\n\n\n<li>82,6% des sond\u00e9s ont r\u00e9pondu qu\u2019il n\u2019y aura pas assez d\u2019espaces verts publics (n=194\/235). Parmi les 7 sond\u00e9s (n=7\/235 soit 3%) qui ont r\u00e9pondu qu\u2019il y a assez d\u2019espaces verts actuellement, trois ont r\u00e9pondu qu\u2019il n\u2019y en aura pas assez dans le futur.<\/li>\n<\/ul>\n\n\n\n<div style=\"height:100px\" aria-hidden=\"true\" class=\"wp-block-spacer\"><\/div>\n\n\n\n<div class=\"wp-block-columns is-layout-flex wp-container-core-columns-is-layout-9d6595d7 wp-block-columns-is-layout-flex\">\n<div class=\"wp-block-column is-layout-flow wp-block-column-is-layout-flow\" style=\"flex-basis:33.33%\">\n<figure class=\"wp-block-image\"><img loading=\"lazy\" decoding=\"async\" width=\"467\" height=\"511\" src=\"https:\/\/urbanicc.fr\/wp-content\/uploads\/2023\/11\/image-1.png\" alt=\"\" class=\"wp-image-5914\" srcset=\"https:\/\/urbanicc.fr\/wp-content\/uploads\/2023\/11\/image-1.png 467w, https:\/\/urbanicc.fr\/wp-content\/uploads\/2023\/11\/image-1-274x300.png 274w\" sizes=\"auto, (max-width: 467px) 100vw, 467px\" \/><\/figure>\n<\/div>\n\n\n\n<div class=\"wp-block-column is-layout-flow wp-block-column-is-layout-flow\" style=\"flex-basis:66.66%\">\n<p>A la question:&nbsp; \u201cSi vous pensez qu&rsquo;il n&rsquo;y en aura pas assez, pouvez vous indiquer o\u00f9 vous souhaiteriez voir un autre espace vert dans votre quartier et pour y d\u00e9velopper quels types d&rsquo;activit\u00e9s ?\u201d<\/p>\n\n\n\n<p>La r\u00e9ponse la plus fr\u00e9quente concerne&nbsp; l\u2019am\u00e9nagement des quais de Seine (26) o\u00f9 les habitants souhaitent un parc continu de Vitry-sur-Seine jusqu\u2019au XIIIe arrondissement avec d\u00e9simperm\u00e9abilisation des sols et plantation d\u2019arbres pour faire de l\u2019ombre.<\/p>\n\n\n\n<p>Vient ensuite (24 personnes) la p\u00e9rennisation de la plaine Gambetta et la v\u00e9g\u00e9talisation de la place Gambetta.<\/p>\n<\/div>\n<\/div>\n\n\n\n<p>13 personnes mentionnent la rue des Lampes o\u00f9 ils souhaitent un parc qui aille de la rue Pierre Rigaud \u00e0 la rue Maurice Gunsbourg v\u00e9g\u00e9talis\u00e9.<\/p>\n\n\n\n<p>Il existe beaucoup de propositions dans l\u2019axe sud de l\u2019avenue Jean Jaur\u00e8s (10): autour de Rosalind Franklin, rue Maurice Gunsbourg, rue Emile Blin, autour de l\u2019ancienne usine de traitement des eaux, et le long de l\u2019avenue Jean Jaur\u00e8s.<\/p>\n\n\n\n<p>3 personnes mentionnent le parc triangle qui a \u00e9t\u00e9 annul\u00e9 sur le nouveau plan masse, plusieurs personnes mentionnent \u00e9galement la n\u00e9cessit\u00e9 de v\u00e9g\u00e9taliser autour du Carrefour ainsi que sur le parvis de l\u2019\u00e9cole Anne Sylvestre.&nbsp;<\/p>\n\n\n\n<p>Cinq personnes mentionnent la n\u00e9cessit\u00e9 d\u2019un espace vert autour de la gare RER et de ses rails.<\/p>\n\n\n\n<p>Beaucoup d\u2019habitants mentionnent la n\u00e9cessit\u00e9 d\u2019avoir un parc de la taille du parc des Cormailles et ils s\u2019inqui\u00e8tent que le parc Confluences semble r\u00e9duit en taille.<\/p>\n\n\n\n<p>Plusieurs personnes mentionnent la n\u00e9cessit\u00e9 d\u2019avoir des parcs pour des chiens et des espaces non d\u00e9volus \u00e0 des \u201cactivit\u00e9s\u201d mais dont les seules vocations seraient la renaturation et la promenade.<\/p>\n\n\n\n<div style=\"height:100px\" aria-hidden=\"true\" class=\"wp-block-spacer\"><\/div>\n\n\n\n<div class=\"wp-block-columns is-layout-flex wp-container-core-columns-is-layout-9d6595d7 wp-block-columns-is-layout-flex\">\n<div class=\"wp-block-column is-layout-flow wp-block-column-is-layout-flow\" style=\"flex-basis:66.66%\">\n<ul class=\"wp-block-list\">\n<li>85,4% des sond\u00e9s pensent que la v\u00e9g\u00e9talisation des rues et des all\u00e9es du quartier est mauvaise ou tr\u00e8s mauvaise.<\/li>\n\n\n\n<li>80% des sond\u00e9s pensent que le quartier ne sera pas adapt\u00e9 au changement climatique<\/li>\n<\/ul>\n<\/div>\n\n\n\n<div class=\"wp-block-column is-layout-flow wp-block-column-is-layout-flow\" style=\"flex-basis:33.33%\">\n<figure class=\"wp-block-image\"><img loading=\"lazy\" decoding=\"async\" width=\"848\" height=\"944\" src=\"https:\/\/urbanicc.fr\/wp-content\/uploads\/2023\/11\/image-2.png\" alt=\"\" class=\"wp-image-5919\" srcset=\"https:\/\/urbanicc.fr\/wp-content\/uploads\/2023\/11\/image-2.png 848w, https:\/\/urbanicc.fr\/wp-content\/uploads\/2023\/11\/image-2-269x300.png 269w, https:\/\/urbanicc.fr\/wp-content\/uploads\/2023\/11\/image-2-768x855.png 768w\" sizes=\"auto, (max-width: 848px) 100vw, 848px\" \/><\/figure>\n<\/div>\n<\/div>\n\n\n\n<div class=\"wp-block-columns is-layout-flex wp-container-core-columns-is-layout-9d6595d7 wp-block-columns-is-layout-flex\">\n<div class=\"wp-block-column is-layout-flow wp-block-column-is-layout-flow\" style=\"flex-basis:33.33%\">\n<p><img loading=\"lazy\" decoding=\"async\" src=\"https:\/\/lh7-us.googleusercontent.com\/OC63ux62VoFHtXKC8slZFnaCoXHXWJQPLXNeqt9HLZHlG57t85KCWtLGZmNi8_HtFNIn6X9B5ybxOesDKqs_ZYjl2yO8c0Y9upCo7YFvX0C4YDhSF3umML0A11Gm-OtL_ffdIpezm_zwFEPzHhaL_RY\" width=\"362\" height=\"288\"><\/p>\n<\/div>\n\n\n\n<div class=\"wp-block-column is-layout-flow wp-block-column-is-layout-flow\" style=\"flex-basis:66.66%\">\n<p>40% des sond\u00e9s consid\u00e8rent que la v\u00e9g\u00e9talisation des espaces verts privatifs communs de leurs r\u00e9sidences sont r\u00e9ussis ou tr\u00e8s r\u00e9ussis ce qui correspond \u00e0 57% des sond\u00e9s qui habitent dans une r\u00e9sidence avec un jardin privatif.<\/p>\n<\/div>\n<\/div>\n\n\n\n<div style=\"height:100px\" aria-hidden=\"true\" class=\"wp-block-spacer\"><\/div>\n\n\n\n<figure class=\"wp-block-table\"><table><thead><tr><th><strong>R\u00e9sidence<\/strong><\/th><th><strong># habitants<\/strong><\/th><th><strong>tr\u00e8s r\u00e9ussis<\/strong><\/th><th><strong>r\u00e9ussis<\/strong><\/th><th><strong>pas r\u00e9ussis<\/strong><\/th><\/tr><\/thead><tbody><tr><td>Faubourg 94<\/td><td>3<\/td><td>1<\/td><td>2<\/td><td>0<\/td><\/tr><tr><td>Rigaud<\/td><td>2<\/td><td>0<\/td><td>2<\/td><td>0<\/td><\/tr><tr><td>Influence<\/td><td>3<\/td><td>1<\/td><td>1<\/td><td>1<\/td><\/tr><tr><td>Lumen<\/td><td>11<\/td><td>0<\/td><td>4<\/td><td>7<\/td><\/tr><tr><td>Rive &amp; parc<\/td><td>3<\/td><td>0<\/td><td>0<\/td><td>3<\/td><\/tr><tr><td>Atelier Montrouge<\/td><td>6<\/td><td>4<\/td><td>2<\/td><td>0<\/td><\/tr><tr><td>Minoterie<\/td><td>8<\/td><td>1<\/td><td>6<\/td><td>1<\/td><\/tr><tr><td>Skyline<\/td><td>5<\/td><td>0<\/td><td>1<\/td><td>1<\/td><\/tr><tr><td>Quai aux grains<\/td><td>11<\/td><td>0<\/td><td>10<\/td><td>1<\/td><\/tr><tr><td>Les Lettres<\/td><td>19<\/td><td>0<\/td><td>6<\/td><td>13<\/td><\/tr><tr><td>Galil\u00e9e<\/td><td>4<\/td><td>0<\/td><td>0<\/td><td>4<\/td><\/tr><tr><td>Villa Moli\u00e8re<\/td><td>9<\/td><td>2<\/td><td>5<\/td><td>2<\/td><\/tr><tr><td>Madiba<\/td><td>6<\/td><td>0<\/td><td>5<\/td><td>1<\/td><\/tr><tr><td>Duo en Seine<\/td><td>10<\/td><td>1<\/td><td>4<\/td><td>5<\/td><\/tr><tr><td>Carmineo<\/td><td>3<\/td><td>0<\/td><td>1<\/td><td>2<\/td><\/tr><tr><td>Le Val<\/td><td>3<\/td><td>0<\/td><td>0<\/td><td>3<\/td><\/tr><tr><td>Start<\/td><td>11<\/td><td>0<\/td><td>9<\/td><td>2<\/td><\/tr><tr><td>Laloe<\/td><td>3<\/td><td>2<\/td><td>0<\/td><td>2<\/td><\/tr><\/tbody><\/table><\/figure>\n\n\n\n<div style=\"height:42px\" aria-hidden=\"true\" class=\"wp-block-spacer\"><\/div>\n\n\n\n<div style=\"height:100px\" aria-hidden=\"true\" class=\"wp-block-spacer\"><\/div>\n","protected":false},"excerpt":{"rendered":"<p>Les habitants du quartier en ont une connaissance tr\u00e8s fine car ils l\u2019arpentent tous les jours. Leur expertise d\u2019usage est un atout \u00e0 exploiter en compl\u00e9mentarit\u00e9 avec les conclusions de bureaux d\u2019\u00e9tudes externes et des services techniques de la commune. En tant qu\u2019habitant ils ont \u00e9galement un int\u00e9r\u00eat presque intime&#46;&#46;&#46;<\/p>\n","protected":false},"author":10,"featured_media":6017,"parent":0,"menu_order":0,"comment_status":"closed","ping_status":"closed","template":"","meta":{"_exactmetrics_skip_tracking":false,"_exactmetrics_sitenote_active":false,"_exactmetrics_sitenote_note":"","_exactmetrics_sitenote_category":0,"ngg_post_thumbnail":0,"footnotes":""},"class_list":["post-5910","page","type-page","status-publish","has-post-thumbnail","hentry"],"_links":{"self":[{"href":"https:\/\/urbanicc.fr\/index.php\/wp-json\/wp\/v2\/pages\/5910","targetHints":{"allow":["GET"]}}],"collection":[{"href":"https:\/\/urbanicc.fr\/index.php\/wp-json\/wp\/v2\/pages"}],"about":[{"href":"https:\/\/urbanicc.fr\/index.php\/wp-json\/wp\/v2\/types\/page"}],"author":[{"embeddable":true,"href":"https:\/\/urbanicc.fr\/index.php\/wp-json\/wp\/v2\/users\/10"}],"replies":[{"embeddable":true,"href":"https:\/\/urbanicc.fr\/index.php\/wp-json\/wp\/v2\/comments?post=5910"}],"version-history":[{"count":23,"href":"https:\/\/urbanicc.fr\/index.php\/wp-json\/wp\/v2\/pages\/5910\/revisions"}],"predecessor-version":[{"id":6081,"href":"https:\/\/urbanicc.fr\/index.php\/wp-json\/wp\/v2\/pages\/5910\/revisions\/6081"}],"wp:featuredmedia":[{"embeddable":true,"href":"https:\/\/urbanicc.fr\/index.php\/wp-json\/wp\/v2\/media\/6017"}],"wp:attachment":[{"href":"https:\/\/urbanicc.fr\/index.php\/wp-json\/wp\/v2\/media?parent=5910"}],"curies":[{"name":"wp","href":"https:\/\/api.w.org\/{rel}","templated":true}]}}