{"id":5615,"date":"2023-09-26T21:56:42","date_gmt":"2023-09-26T19:56:42","guid":{"rendered":"https:\/\/urbanicc.fr\/?page_id=5615"},"modified":"2023-09-26T21:56:43","modified_gmt":"2023-09-26T19:56:43","slug":"urbanicc-se-mobilise-pour-maintenir-une-activite-economique-a-ivry-port","status":"publish","type":"page","link":"https:\/\/urbanicc.fr\/index.php\/urbanicc-se-mobilise-pour-maintenir-une-activite-economique-a-ivry-port\/","title":{"rendered":"urbanicc se mobilise pour maintenir une activit\u00e9 \u00e9conomique \u00e0 Ivry-Port"},"content":{"rendered":"\n<h3 class=\"wp-block-heading\"><s>Suite \u00e0 l\u2019interpellation d\u2019URBANICC par plusieurs artisans du quartier qui vont \u00eatre contraints au d\u00e9part du fait des am\u00e9nagements de la ZAC Ivry Confluences, nous avons souhait\u00e9 organiser une r\u00e9union publique afin de discuter de l\u2019activit\u00e9 \u00e9conomique d\u2019Ivry-Port et mieux comprendre les difficult\u00e9s de son maintien dans le futur du quartier.<\/s><\/h3>\n\n\n\n<div style=\"height:73px\" aria-hidden=\"true\" class=\"wp-block-spacer\"><\/div>\n\n\n\n<p>Nous avons donc organis\u00e9 le 13 avril 2023, \u00e0 la Miroiterie, une r\u00e9union publique en pr\u00e9sence de l\u2019am\u00e9nageur (SADEV repr\u00e9sent\u00e9 par Antonin Roth), de la ma\u00eetrise d\u2019\u0153uvre (UAPS repr\u00e9sent\u00e9 par Anne-Mie Depuydt) ainsi qu\u2019une responsable de l\u2019EPT (\u00c9tablissement Public territoriale) Grand Orly Seine Bi\u00e8vre en charge du d\u00e9veloppement \u00e9conomique d\u2019Ivry-Port (Julia Jais).&nbsp;<\/p>\n\n\n\n<div style=\"height:73px\" aria-hidden=\"true\" class=\"wp-block-spacer\"><\/div>\n\n\n<div class=\"wp-block-image\">\n<figure class=\"aligncenter size-large\"><img loading=\"lazy\" decoding=\"async\" width=\"1024\" height=\"768\" src=\"https:\/\/urbanicc.fr\/wp-content\/uploads\/2023\/09\/unnamed-1-1024x768.jpg\" alt=\"\" class=\"wp-image-5631\" style=\"aspect-ratio:16\/9;object-fit:cover\" srcset=\"https:\/\/urbanicc.fr\/wp-content\/uploads\/2023\/09\/unnamed-1-1024x768.jpg 1024w, https:\/\/urbanicc.fr\/wp-content\/uploads\/2023\/09\/unnamed-1-300x225.jpg 300w, https:\/\/urbanicc.fr\/wp-content\/uploads\/2023\/09\/unnamed-1-768x576.jpg 768w, https:\/\/urbanicc.fr\/wp-content\/uploads\/2023\/09\/unnamed-1-1536x1152.jpg 1536w, https:\/\/urbanicc.fr\/wp-content\/uploads\/2023\/09\/unnamed-1-2048x1536.jpg 2048w\" sizes=\"auto, (max-width: 1024px) 100vw, 1024px\" \/><\/figure>\n<\/div>\n\n\n<div style=\"height:73px\" aria-hidden=\"true\" class=\"wp-block-spacer\"><\/div>\n\n\n\n<p><strong>Cette r\u00e9union \u00e0 destination des artisans\/entrepreneurs du quartier d\u2019Ivry-Port a rassembl\u00e9 une quarantaine de professionnels qui \u00e9taient convi\u00e9s \u00e0 une r\u00e9union qui avait un format \u201cap\u00e9ro\u201d pour permettre le maximum d\u2019\u00e9changes informels.<\/strong><\/p>\n\n\n\n<p>Apr\u00e8s une br\u00e8ve introduction nous avons pr\u00e9sent\u00e9 une petite synth\u00e8se, r\u00e9alis\u00e9e par Urbanicc, sur l\u2019\u00e9tat des lieux des PME et TPE ayant des activit\u00e9s de cr\u00e9ation et de production \u00e0 Ivry-Port. Avant la r\u00e9union publique, nous avons interview\u00e9 36 personnes repr\u00e9sentant 45 entreprises. Il en ressort que le quartier d\u2019Ivry-Port concern\u00e9 par la ZAC Ivry Confluences h\u00e9berge une grande vari\u00e9t\u00e9 d\u2019entreprises tr\u00e8s diverses dans leur structuration, leur taille, et leurs secteurs d\u2019activit\u00e9. Elles ont en commun un fort ancrage local, avec des fournisseurs le plus souvent \u00e0 moins de 10 km et elles b\u00e9n\u00e9ficient de l\u2019implantation g\u00e9ographique d\u2019Ivry-Port qui est un quartier facilement accessible gr\u00e2ce au r\u00e9seau routier et transports en communs, qui reste encore relativement avantageux tout en \u00e9tant aux portes de Paris. Pour un bon nombre d&rsquo;entre elles, le personnel de l\u2019entreprise vit \u00e0 proximit\u00e9, voire dans le quartier.<\/p>\n\n\n\n<p><strong>Malheureusement il ressort que malgr\u00e9 la volont\u00e9 partag\u00e9e par presque toutes les entreprises de rester \u00e0 Ivry-Port, un bon nombre d\u2019entre elles envisagent de partir. Est remont\u00e9 un d\u00e9faut d\u2019information sur le projet urbain de la ZAC Ivry Confluence et surtout sur le calendrier des am\u00e9nagements pr\u00e9vus sur les parcelles o\u00f9 sont implant\u00e9es les entreprises. Beaucoup regrettent l\u2019absence d\u2019interlocuteur clairement identifi\u00e9 pour aider les professionnels dans leurs d\u00e9marches pour trouver un nouveau local. Lorsque des propositions sont faites, celles-ci sont souvent soit trop co\u00fbteuses soit inadapt\u00e9es aux contraintes de l\u2019entreprise.<\/strong><\/p>\n\n\n\n<div style=\"height:25px\" aria-hidden=\"true\" class=\"wp-block-spacer\"><\/div>\n\n\n\n<h3 class=\"wp-block-heading\"><s>Ce constat a \u00e9t\u00e9 confirm\u00e9 par les professionnels qui ont pris la parole lors de la r\u00e9union publique et qui ont interpell\u00e9 la Sadev.&nbsp;<\/s><\/h3>\n\n\n\n<div style=\"height:33px\" aria-hidden=\"true\" class=\"wp-block-spacer\"><\/div>\n\n\n\n<p>En r\u00e9ponse \u00e0 ces interpellations et ce constat Antonin Roth a pr\u00e9cis\u00e9&nbsp;:<\/p>\n\n\n\n<ul class=\"wp-block-list\">\n<li>L\u2019interlocuteur pour s\u2019informer d\u00e9pend du statut de l\u2019entrepreneur :\n<ul class=\"wp-block-list\">\n<li><em>S\u2019il est locataire d\u2019un local qui n\u2019appartient pas \u00e0 la Sadev, il doit contacter son propri\u00e9taire pour avoir des informations sur le futur des locaux et\/ou contacter l\u2019EPT Grand Orly Seine Bi\u00e8vre pour une solution de relogement.<\/em> A Ivry-Port la personne charg\u00e9e du d\u00e9veloppement \u00e9conomique est Julia Ja\u00efs.&nbsp; SADEV94 ne peut pas prendre contact avec les entreprises locataires (cas tr\u00e8s majoritaire) avant d\u2019\u00eatre propri\u00e9taire du foncier qu\u2019elles occupent car si elle le faisait, le locataire pourrait d\u00e9cider de partir avant terme et le propri\u00e9taire pourrait alors se retourner contre la SADEV94 en invoquant un manque \u00e0 gagner.<\/li>\n\n\n\n<li><em>S\u2019il est locataire d\u2019un local appartenant \u00e0 la Sadev, il peut contacter la Sadev&nbsp;<\/em><\/li>\n\n\n\n<li><em>S\u2019il est propri\u00e9taire de ses locaux, il doit contacter la Sadev.<\/em><\/li>\n<\/ul>\n<\/li>\n\n\n\n<li>100 000m2 sont r\u00e9serv\u00e9s dans le projet urbain de la ZAC pour les activit\u00e9s productives<\/li>\n\n\n\n<li>Du fait de l&rsquo;obligation d\u2019aboutir \u00e0 un bilan \u00e9quilibr\u00e9, la ZAC a des contraintes financi\u00e8res qui rendent difficile la production de locaux d\u2019activit\u00e9s tr\u00e8s abordables.<\/li>\n\n\n\n<li>La diffusion d\u2019information est faite au moyen des r\u00e9unions publiques organis\u00e9es \u00e0 la suite du d\u00e9p\u00f4t de permis de construire.<\/li>\n<\/ul>\n\n\n\n<div style=\"height:60px\" aria-hidden=\"true\" class=\"wp-block-spacer\"><\/div>\n\n\n<div class=\"wp-block-image\">\n<figure class=\"aligncenter size-large\"><img loading=\"lazy\" decoding=\"async\" width=\"1024\" height=\"768\" src=\"https:\/\/urbanicc.fr\/wp-content\/uploads\/2023\/09\/unnamed-3-1024x768.jpg\" alt=\"\" class=\"wp-image-5635\" style=\"aspect-ratio:16\/9;object-fit:cover\" srcset=\"https:\/\/urbanicc.fr\/wp-content\/uploads\/2023\/09\/unnamed-3-1024x768.jpg 1024w, https:\/\/urbanicc.fr\/wp-content\/uploads\/2023\/09\/unnamed-3-300x225.jpg 300w, https:\/\/urbanicc.fr\/wp-content\/uploads\/2023\/09\/unnamed-3-768x576.jpg 768w, https:\/\/urbanicc.fr\/wp-content\/uploads\/2023\/09\/unnamed-3-1536x1152.jpg 1536w, https:\/\/urbanicc.fr\/wp-content\/uploads\/2023\/09\/unnamed-3-2048x1536.jpg 2048w\" sizes=\"auto, (max-width: 1024px) 100vw, 1024px\" \/><\/figure>\n<\/div>\n\n\n<div style=\"height:60px\" aria-hidden=\"true\" class=\"wp-block-spacer\"><\/div>\n\n\n\n<h3 class=\"wp-block-heading\"><s>Apr\u00e8s ce premier temps d\u2019\u00e9changes, nous avons invit\u00e9 en tribune Jean Baptiste Lamotte (Fonci\u00e8re Bellevilles), Manon Leconte(Maximum), Darko Zadnik (ICI Montreuil) afin de pr\u00e9senter des solutions existantes pr\u00e9sentes sur le territoire..<\/s><\/h3>\n\n\n\n<ul class=\"wp-block-list\">\n<li><strong>Favoriser le d\u00e9veloppement et l\u2019implantation de fonci\u00e8res solidaires ?<\/strong>\n<ul class=\"wp-block-list\">\n<li>Jean Baptiste Lamotte a pr\u00e9sent\u00e9 la fonci\u00e8re responsable Bellevilles qui est labellis\u00e9e ESUS (entreprise solidaire d\u2019utilit\u00e9 sociale).&nbsp; Bellevilles participe \u00e0 la revitalisation de territoires en particulier en banlieue \u00e0 travers l\u2019acquisition, la programmation et la r\u00e9habilitation de logements, commerces, tiers lieux et espaces d\u2019activit\u00e9s pour qu\u2019ils soient au service de projets responsables, inclusifs, mixtes, \u00e9cologiques et \u00e0 fort impact social.<\/li>\n\n\n\n<li>A la lisi\u00e8re de la ZAC Ivry Confluences, la fonci\u00e8re r\u00e9habilite actuellement un b\u00e2timent de 2000 m2, divis\u00e9 en 10 lots, qui a \u00e9t\u00e9 achet\u00e9 2,5 millions d\u2019euros dans l\u2019impasse Prudhon. Les locaux ainsi que l\u2019\u00e9quipement sont privatifs, et sont lou\u00e9s dans leur \u00e9tat brute avec une tr\u00e8s bonne isolation afin de diminuer les loyers de 30% par rapport au prix du march\u00e9 (125\u20ac HT\/m<sup>2<\/sup> hors charges versus 170\u20ac HT\/m2).<\/li>\n<\/ul>\n<\/li>\n\n\n\n<li><strong>Favoriser la mutualisation pour permettre le d\u00e9marrage d\u2019une nouvelle activit\u00e9 ?<\/strong>\n<ul class=\"wp-block-list\">\n<li>Darko ZADNIK a pr\u00e9sent\u00e9 l\u2019association ICI Montreuil qui propose une \u201crampe de lancement\u201d pour les entreprises en d\u00e9but d\u2019activit\u00e9 visant \u00e0 r\u00e9introduire l\u2019artisanat au c\u0153ur des villes.<\/li>\n<\/ul>\n<\/li>\n\n\n\n<li><strong>Acheter un local d\u00e9saffect\u00e9 et le r\u00e9habiliter avec des subventions ?<\/strong>\n<ul class=\"wp-block-list\">\n<li>Manon Leconte a partag\u00e9 l&rsquo;exp\u00e9rience de l\u2019entreprise Maximum qui a achet\u00e9 \u00e0 la Sadev une halle rue du Colonel Fabian. La r\u00e9habilitation du lieu a \u00e9t\u00e9 r\u00e9alis\u00e9 gr\u00e2ce \u00e0 une subvention de 300 000 euros de l\u2019ADEME.<\/li>\n<\/ul>\n<\/li>\n<\/ul>\n\n\n\n<div style=\"height:36px\" aria-hidden=\"true\" class=\"wp-block-spacer\"><\/div>\n\n\n\n<h3 class=\"wp-block-heading\"><s>La r\u00e9union s\u2019est termin\u00e9e par une tribune avec Anne-Mie Depuydt et Antonin Roth pour discuter comment r\u00e9aliser une programmation qui \u00e9vite le d\u00e9part des artisans et la disparition de l\u2019\u00e2me artisanale d\u2019Ivry Port.&nbsp;<\/s>&nbsp;<\/h3>\n\n\n\n<div style=\"height:100px\" aria-hidden=\"true\" class=\"wp-block-spacer\"><\/div>\n","protected":false},"excerpt":{"rendered":"<p>Suite \u00e0 l\u2019interpellation d\u2019URBANICC par plusieurs artisans du quartier qui vont \u00eatre contraints au d\u00e9part du fait des am\u00e9nagements de la ZAC Ivry Confluences, nous avons souhait\u00e9 organiser une r\u00e9union publique afin de discuter de l\u2019activit\u00e9 \u00e9conomique d\u2019Ivry-Port et mieux comprendre les difficult\u00e9s de son maintien dans le futur du&#46;&#46;&#46;<\/p>\n","protected":false},"author":10,"featured_media":5637,"parent":0,"menu_order":0,"comment_status":"closed","ping_status":"closed","template":"","meta":{"_exactmetrics_skip_tracking":false,"_exactmetrics_sitenote_active":false,"_exactmetrics_sitenote_note":"","_exactmetrics_sitenote_category":0,"ngg_post_thumbnail":0,"footnotes":""},"class_list":["post-5615","page","type-page","status-publish","has-post-thumbnail","hentry"],"_links":{"self":[{"href":"https:\/\/urbanicc.fr\/index.php\/wp-json\/wp\/v2\/pages\/5615","targetHints":{"allow":["GET"]}}],"collection":[{"href":"https:\/\/urbanicc.fr\/index.php\/wp-json\/wp\/v2\/pages"}],"about":[{"href":"https:\/\/urbanicc.fr\/index.php\/wp-json\/wp\/v2\/types\/page"}],"author":[{"embeddable":true,"href":"https:\/\/urbanicc.fr\/index.php\/wp-json\/wp\/v2\/users\/10"}],"replies":[{"embeddable":true,"href":"https:\/\/urbanicc.fr\/index.php\/wp-json\/wp\/v2\/comments?post=5615"}],"version-history":[{"count":12,"href":"https:\/\/urbanicc.fr\/index.php\/wp-json\/wp\/v2\/pages\/5615\/revisions"}],"predecessor-version":[{"id":5639,"href":"https:\/\/urbanicc.fr\/index.php\/wp-json\/wp\/v2\/pages\/5615\/revisions\/5639"}],"wp:featuredmedia":[{"embeddable":true,"href":"https:\/\/urbanicc.fr\/index.php\/wp-json\/wp\/v2\/media\/5637"}],"wp:attachment":[{"href":"https:\/\/urbanicc.fr\/index.php\/wp-json\/wp\/v2\/media?parent=5615"}],"curies":[{"name":"wp","href":"https:\/\/api.w.org\/{rel}","templated":true}]}}

urbanicc se mobilise pour maintenir une activité économique à Ivry-Port

<h3 class="wp-block-heading"><s>Suite à l’interpellation d’URBANICC par plusieurs artisans du quartier qui vont être contraints au départ du fait des aménagements de la ZAC Ivry Confluences, nous avons souhaité organiser une réunion publique afin de discuter de l’activité économique d’Ivry-Port et mieux comprendre les difficultés de son maintien dans le futur du quartier.</s></h3>



<div style="height:73px" aria-hidden="true" class="wp-block-spacer"></div>



<p>Nous avons donc organisé le 13 avril 2023, à la Miroiterie, une réunion publique en présence de l’aménageur (SADEV représenté par Antonin Roth), de la maîtrise d’œuvre (UAPS représenté par Anne-Mie Depuydt) ainsi qu’une responsable de l’EPT (Établissement Public territoriale) Grand Orly Seine Bièvre en charge du développement économique d’Ivry-Port (Julia Jais).&nbsp;</p>



<div style="height:73px" aria-hidden="true" class="wp-block-spacer"></div>


<div class="wp-block-image">
<figure class="aligncenter size-large"><img loading="lazy" decoding="async" width="1024" height="768" src="https://urbanicc.fr/wp-content/uploads/2023/09/unnamed-1-1024x768.jpg" alt="" class="wp-image-5631" style="aspect-ratio:16/9;object-fit:cover" srcset="https://urbanicc.fr/wp-content/uploads/2023/09/unnamed-1-1024x768.jpg 1024w, https://urbanicc.fr/wp-content/uploads/2023/09/unnamed-1-300x225.jpg 300w, https://urbanicc.fr/wp-content/uploads/2023/09/unnamed-1-768x576.jpg 768w, https://urbanicc.fr/wp-content/uploads/2023/09/unnamed-1-1536x1152.jpg 1536w, https://urbanicc.fr/wp-content/uploads/2023/09/unnamed-1-2048x1536.jpg 2048w" sizes="auto, (max-width: 1024px) 100vw, 1024px" /></figure>
</div>


<div style="height:73px" aria-hidden="true" class="wp-block-spacer"></div>



<p><strong>Cette réunion à destination des artisans/entrepreneurs du quartier d’Ivry-Port a rassemblé une quarantaine de professionnels qui étaient conviés à une réunion qui avait un format “apéro” pour permettre le maximum d’échanges informels.</strong></p>



<p>Après une brève introduction nous avons présenté une petite synthèse, réalisée par Urbanicc, sur l’état des lieux des PME et TPE ayant des activités de création et de production à Ivry-Port. Avant la réunion publique, nous avons interviewé 36 personnes représentant 45 entreprises. Il en ressort que le quartier d’Ivry-Port concerné par la ZAC Ivry Confluences héberge une grande variété d’entreprises très diverses dans leur structuration, leur taille, et leurs secteurs d’activité. Elles ont en commun un fort ancrage local, avec des fournisseurs le plus souvent à moins de 10 km et elles bénéficient de l’implantation géographique d’Ivry-Port qui est un quartier facilement accessible grâce au réseau routier et transports en communs, qui reste encore relativement avantageux tout en étant aux portes de Paris. Pour un bon nombre d&rsquo;entre elles, le personnel de l’entreprise vit à proximité, voire dans le quartier.</p>



<p><strong>Malheureusement il ressort que malgré la volonté partagée par presque toutes les entreprises de rester à Ivry-Port, un bon nombre d’entre elles envisagent de partir. Est remonté un défaut d’information sur le projet urbain de la ZAC Ivry Confluence et surtout sur le calendrier des aménagements prévus sur les parcelles où sont implantées les entreprises. Beaucoup regrettent l’absence d’interlocuteur clairement identifié pour aider les professionnels dans leurs démarches pour trouver un nouveau local. Lorsque des propositions sont faites, celles-ci sont souvent soit trop coûteuses soit inadaptées aux contraintes de l’entreprise.</strong></p>



<div style="height:25px" aria-hidden="true" class="wp-block-spacer"></div>



<h3 class="wp-block-heading"><s>Ce constat a été confirmé par les professionnels qui ont pris la parole lors de la réunion publique et qui ont interpellé la Sadev.&nbsp;</s></h3>



<div style="height:33px" aria-hidden="true" class="wp-block-spacer"></div>



<p>En réponse à ces interpellations et ce constat Antonin Roth a précisé&nbsp;:</p>



<ul class="wp-block-list">
<li>L’interlocuteur pour s’informer dépend du statut de l’entrepreneur :
<ul class="wp-block-list">
<li><em>S’il est locataire d’un local qui n’appartient pas à la Sadev, il doit contacter son propriétaire pour avoir des informations sur le futur des locaux et/ou contacter l’EPT Grand Orly Seine Bièvre pour une solution de relogement.</em> A Ivry-Port la personne chargée du développement économique est Julia Jaïs.&nbsp; SADEV94 ne peut pas prendre contact avec les entreprises locataires (cas très majoritaire) avant d’être propriétaire du foncier qu’elles occupent car si elle le faisait, le locataire pourrait décider de partir avant terme et le propriétaire pourrait alors se retourner contre la SADEV94 en invoquant un manque à gagner.</li>



<li><em>S’il est locataire d’un local appartenant à la Sadev, il peut contacter la Sadev&nbsp;</em></li>



<li><em>S’il est propriétaire de ses locaux, il doit contacter la Sadev.</em></li>
</ul>
</li>



<li>100 000m2 sont réservés dans le projet urbain de la ZAC pour les activités productives</li>



<li>Du fait de l&rsquo;obligation d’aboutir à un bilan équilibré, la ZAC a des contraintes financières qui rendent difficile la production de locaux d’activités très abordables.</li>



<li>La diffusion d’information est faite au moyen des réunions publiques organisées à la suite du dépôt de permis de construire.</li>
</ul>



<div style="height:60px" aria-hidden="true" class="wp-block-spacer"></div>


<div class="wp-block-image">
<figure class="aligncenter size-large"><img loading="lazy" decoding="async" width="1024" height="768" src="https://urbanicc.fr/wp-content/uploads/2023/09/unnamed-3-1024x768.jpg" alt="" class="wp-image-5635" style="aspect-ratio:16/9;object-fit:cover" srcset="https://urbanicc.fr/wp-content/uploads/2023/09/unnamed-3-1024x768.jpg 1024w, https://urbanicc.fr/wp-content/uploads/2023/09/unnamed-3-300x225.jpg 300w, https://urbanicc.fr/wp-content/uploads/2023/09/unnamed-3-768x576.jpg 768w, https://urbanicc.fr/wp-content/uploads/2023/09/unnamed-3-1536x1152.jpg 1536w, https://urbanicc.fr/wp-content/uploads/2023/09/unnamed-3-2048x1536.jpg 2048w" sizes="auto, (max-width: 1024px) 100vw, 1024px" /></figure>
</div>


<div style="height:60px" aria-hidden="true" class="wp-block-spacer"></div>



<h3 class="wp-block-heading"><s>Après ce premier temps d’échanges, nous avons invité en tribune Jean Baptiste Lamotte (Foncière Bellevilles), Manon Leconte(Maximum), Darko Zadnik (ICI Montreuil) afin de présenter des solutions existantes présentes sur le territoire..</s></h3>



<ul class="wp-block-list">
<li><strong>Favoriser le développement et l’implantation de foncières solidaires ?</strong>
<ul class="wp-block-list">
<li>Jean Baptiste Lamotte a présenté la foncière responsable Bellevilles qui est labellisée ESUS (entreprise solidaire d’utilité sociale).&nbsp; Bellevilles participe à la revitalisation de territoires en particulier en banlieue à travers l’acquisition, la programmation et la réhabilitation de logements, commerces, tiers lieux et espaces d’activités pour qu’ils soient au service de projets responsables, inclusifs, mixtes, écologiques et à fort impact social.</li>



<li>A la lisière de la ZAC Ivry Confluences, la foncière réhabilite actuellement un bâtiment de 2000 m2, divisé en 10 lots, qui a été acheté 2,5 millions d’euros dans l’impasse Prudhon. Les locaux ainsi que l’équipement sont privatifs, et sont loués dans leur état brute avec une très bonne isolation afin de diminuer les loyers de 30% par rapport au prix du marché (125€ HT/m<sup>2</sup> hors charges versus 170€ HT/m2).</li>
</ul>
</li>



<li><strong>Favoriser la mutualisation pour permettre le démarrage d’une nouvelle activité ?</strong>
<ul class="wp-block-list">
<li>Darko ZADNIK a présenté l’association ICI Montreuil qui propose une “rampe de lancement” pour les entreprises en début d’activité visant à réintroduire l’artisanat au cœur des villes.</li>
</ul>
</li>



<li><strong>Acheter un local désaffecté et le réhabiliter avec des subventions ?</strong>
<ul class="wp-block-list">
<li>Manon Leconte a partagé l&rsquo;expérience de l’entreprise Maximum qui a acheté à la Sadev une halle rue du Colonel Fabian. La réhabilitation du lieu a été réalisé grâce à une subvention de 300 000 euros de l’ADEME.</li>
</ul>
</li>
</ul>



<div style="height:36px" aria-hidden="true" class="wp-block-spacer"></div>



<h3 class="wp-block-heading"><s>La réunion s’est terminée par une tribune avec Anne-Mie Depuydt et Antonin Roth pour discuter comment réaliser une programmation qui évite le départ des artisans et la disparition de l’âme artisanale d’Ivry Port.&nbsp;</s>&nbsp;</h3>



<div style="height:100px" aria-hidden="true" class="wp-block-spacer"></div>

<p>Suite à l’interpellation d’URBANICC par plusieurs artisans du quartier qui vont être contraints au départ du fait des aménagements de la ZAC Ivry Confluences, nous avons souhaité organiser une réunion publique afin de discuter de l’activité économique d’Ivry-Port et mieux comprendre les difficultés de son maintien dans le futur du&#46;&#46;&#46;</p>
