{"id":5606,"date":"2023-09-25T22:44:18","date_gmt":"2023-09-25T20:44:18","guid":{"rendered":"https:\/\/urbanicc.fr\/?page_id=5606"},"modified":"2023-09-25T22:44:19","modified_gmt":"2023-09-25T20:44:19","slug":"maintien-de-lactivite-economique-a-ivry-port","status":"publish","type":"page","link":"https:\/\/urbanicc.fr\/index.php\/maintien-de-lactivite-economique-a-ivry-port\/","title":{"rendered":"Maintien de l\u2019activit\u00e9 \u00e9conomique \u00e0 Ivry-Port"},"content":{"rendered":"\n<p>A partir du XIX\u00e8me si\u00e8cle, Ivry-sur-Seine est devenue une ville industrielle. Profitant de sa g\u00e9ographie au confluent de la Seine et de la Marne aux portes de Paris, Ivry-Port a largement concentr\u00e9 la plupart des usines et entrep\u00f4ts de la commune qui se sont d\u00e9velopp\u00e9s gr\u00e2ce au train et \u00e0 l\u2019am\u00e9nagement du Port d\u2019Ivry. Sur son territoire se d\u00e9veloppera une industrie chimique (engrais, savons, produits pharmaceutiques), une industrie des mat\u00e9riaux de construction (c\u00e9ramique, briqueterie), et une industrie alimentaire et m\u00e9tallurgique. Ivry-Port a accueilli les entrep\u00f4ts du BHV et du journal Le Monde, ainsi que des usines embl\u00e9matiques comme la grande tuilerie d\u2019Ivry, les usines SKF (roulements \u00e0 billes), Brasier (automobile) et St-Raphael (alcool). On y retrouve \u00e9galement de grandes halles au bord de la Seine qui \u00e9taient des usines de traitement de l\u2019eau (SAGEP) avant de devenir un d\u00e9p\u00f4ts d&rsquo;\u0153uvres d\u2019art de la ville de Paris depuis 1974.<\/p>\n\n\n\n<p>Avec les crises p\u00e9troli\u00e8res successives, le prix croissant du foncier et le co\u00fbt important de la main d\u2019\u0153uvre francilienne, la fin des \u00ab trente glorieuses \u00bb a \u00e9t\u00e9 marqu\u00e9 par le d\u00e9part de nombreuses usines qui a caus\u00e9 la perte de 10 000 emplois industriels et a laiss\u00e9e des grandes friches avec d\u2019importantes emprises au sol.<\/p>\n\n\n\n<p>C\u2019est dans les interstices de ces grands \u00eelots, profitant d\u2019un prix du foncier aux ports de Paris bas et d\u2019une faible densit\u00e9 d\u2019habitants, qu\u2019une nouvelle typologie d\u2019activit\u00e9 \u00e9conomique s\u2019est d\u00e9velopp\u00e9e dans le quartier depuis les ann\u00e9es 1990. Les grandes usines avec des milliers d\u2019ouvriers ont laiss\u00e9 place \u00e0 l\u2019\u00e9mergence de TPE et PME plus petites avec en moyenne 9-10 salari\u00e9s. Ces entreprises sont fortement interconnect\u00e9es avec de nombreuses synergies autour de plusieurs fili\u00e8res que sont le r\u00e9emploi, le b\u00e2timent, les m\u00e9tiers d\u2019art (c\u00e9ramique, peinture, menuiserie, s\u00e9rigraphie\u2026), le cin\u00e9ma, l\u2019\u00e9v\u00e9nementiel, la logistique et l\u2019alimentaire.<\/p>\n\n\n\n<p>La ZAC d\u2019Ivry Confluence avec ses d\u00e9molitions et restructurations du quartier autour d\u2019activit\u00e9s essentiellement tertiaires (bureaux, silver \u00e9conomie\u2026) met en p\u00e9ril cette activit\u00e9 productive. Malgr\u00e9 un affichage en faveur de son maintien, on ne peut malheureusement que constater que la premi\u00e8re phase de la construction de la ZAC autour du boulevard Paul Vaillant Couturier n\u2019a pas r\u00e9ussi \u00e0 maintenir les artisans et petits entrepreneurs qui y \u00e9taient implant\u00e9s.<\/p>\n\n\n\n<p>Le maintien d\u2019une activit\u00e9 \u00e9conomique productive est pourtant importante pour faire perdurer l\u2019\u00e2me du quartier et surtout \u00e9viter d\u2019avoir une ville dortoir dans un contexte \u00e9conomique qui a vu l\u2019immobilier de bureaux s\u2019effondrer depuis la pand\u00e9mie du Covid19.<\/p>\n\n\n\n<h3 class=\"wp-block-heading\"><s>URBANICC a souhait\u00e9 mettre en valeur les acteurs et entreprises du quartier qui sont souvent m\u00e9connus des habitants en consacrant une section de notre site \u00e0 l\u2019activit\u00e9 \u00e9conomique d\u2019Ivry-Port. Vous y trouverez des portraits d\u2019entreprises embl\u00e9matiques du quartier ainsi que des informations concernant les actions entreprises pour les int\u00e9grer dans le futur du quartier.<\/s><\/h3>\n\n\n\n<div style=\"height:100px\" aria-hidden=\"true\" class=\"wp-block-spacer\"><\/div>\n\n\n\n<figure class=\"wp-block-gallery has-nested-images columns-5 is-cropped wp-block-gallery-1 is-layout-flex wp-block-gallery-is-layout-flex\">\n<figure class=\"wp-block-image size-large\"><a href=\"https:\/\/urbanicc.fr\/wp-content\/uploads\/2023\/08\/La-Grande-Tuilerie-dIvry-Gres-Emile-Muller.jpg\"><img loading=\"lazy\" decoding=\"async\" width=\"429\" height=\"650\" data-id=\"5610\" src=\"https:\/\/urbanicc.fr\/wp-content\/uploads\/2023\/08\/La-Grande-Tuilerie-dIvry-Gres-Emile-Muller.jpg\" alt=\"\" class=\"wp-image-5610\" srcset=\"https:\/\/urbanicc.fr\/wp-content\/uploads\/2023\/08\/La-Grande-Tuilerie-dIvry-Gres-Emile-Muller.jpg 429w, https:\/\/urbanicc.fr\/wp-content\/uploads\/2023\/08\/La-Grande-Tuilerie-dIvry-Gres-Emile-Muller-198x300.jpg 198w\" sizes=\"auto, (max-width: 429px) 100vw, 429px\" \/><\/a><figcaption class=\"wp-element-caption\">source : Domaine de Sceaux<\/figcaption><\/figure>\n\n\n\n<figure class=\"wp-block-image size-large\"><a href=\"https:\/\/urbanicc.fr\/wp-content\/uploads\/2023\/08\/latelier-de-montage-brasier-archives-ivry-sur-seine-claude-hebrard.png\"><img loading=\"lazy\" decoding=\"async\" width=\"584\" height=\"391\" data-id=\"5609\" src=\"https:\/\/urbanicc.fr\/wp-content\/uploads\/2023\/08\/latelier-de-montage-brasier-archives-ivry-sur-seine-claude-hebrard.png\" alt=\"\" class=\"wp-image-5609\" srcset=\"https:\/\/urbanicc.fr\/wp-content\/uploads\/2023\/08\/latelier-de-montage-brasier-archives-ivry-sur-seine-claude-hebrard.png 584w, https:\/\/urbanicc.fr\/wp-content\/uploads\/2023\/08\/latelier-de-montage-brasier-archives-ivry-sur-seine-claude-hebrard-300x201.png 300w\" sizes=\"auto, (max-width: 584px) 100vw, 584px\" \/><\/a><figcaption class=\"wp-element-caption\">Ateliers &nbsp;Brasier &#8211; source : Archives Ivry-sur-Seine<\/figcaption><\/figure>\n\n\n\n<figure class=\"wp-block-image size-large\"><a href=\"https:\/\/urbanicc.fr\/wp-content\/uploads\/2023\/08\/SKF.jpg\"><img loading=\"lazy\" decoding=\"async\" width=\"403\" height=\"512\" data-id=\"5607\" src=\"https:\/\/urbanicc.fr\/wp-content\/uploads\/2023\/08\/SKF.jpg\" alt=\"\" class=\"wp-image-5607\" srcset=\"https:\/\/urbanicc.fr\/wp-content\/uploads\/2023\/08\/SKF.jpg 403w, https:\/\/urbanicc.fr\/wp-content\/uploads\/2023\/08\/SKF-236x300.jpg 236w\" sizes=\"auto, (max-width: 403px) 100vw, 403px\" \/><\/a><figcaption class=\"wp-element-caption\">source : Patrimoine de France<\/figcaption><\/figure>\n\n\n\n<figure class=\"wp-block-image size-large\"><a href=\"https:\/\/urbanicc.fr\/wp-content\/uploads\/2023\/08\/strapahel1.png\"><img loading=\"lazy\" decoding=\"async\" width=\"600\" height=\"624\" data-id=\"5608\" src=\"https:\/\/urbanicc.fr\/wp-content\/uploads\/2023\/08\/strapahel1.png\" alt=\"\" class=\"wp-image-5608\" srcset=\"https:\/\/urbanicc.fr\/wp-content\/uploads\/2023\/08\/strapahel1.png 600w, https:\/\/urbanicc.fr\/wp-content\/uploads\/2023\/08\/strapahel1-288x300.png 288w\" sizes=\"auto, (max-width: 600px) 100vw, 600px\" \/><\/a><figcaption class=\"wp-element-caption\">source: St Rapha\u00ebl<\/figcaption><\/figure>\n\n\n\n<figure class=\"wp-block-image size-large\"><a href=\"https:\/\/urbanicc.fr\/wp-content\/uploads\/2023\/08\/straphael2.jpg\"><img loading=\"lazy\" decoding=\"async\" width=\"446\" height=\"630\" data-id=\"5611\" src=\"https:\/\/urbanicc.fr\/wp-content\/uploads\/2023\/08\/straphael2.jpg\" alt=\"\" class=\"wp-image-5611\" srcset=\"https:\/\/urbanicc.fr\/wp-content\/uploads\/2023\/08\/straphael2.jpg 446w, https:\/\/urbanicc.fr\/wp-content\/uploads\/2023\/08\/straphael2-212x300.jpg 212w\" sizes=\"auto, (max-width: 446px) 100vw, 446px\" \/><\/a><figcaption class=\"wp-element-caption\">source: St Rapha\u00ebl<\/figcaption><\/figure>\n<\/figure>\n\n\n\n<div style=\"height:100px\" aria-hidden=\"true\" class=\"wp-block-spacer\"><\/div>\n","protected":false},"excerpt":{"rendered":"<p>A partir du XIX\u00e8me si\u00e8cle, Ivry-sur-Seine est devenue une ville industrielle. Profitant de sa g\u00e9ographie au confluent de la Seine et de la Marne aux portes de Paris, Ivry-Port a largement concentr\u00e9 la plupart des usines et entrep\u00f4ts de la commune qui se sont d\u00e9velopp\u00e9s gr\u00e2ce au train et \u00e0&#46;&#46;&#46;<\/p>\n","protected":false},"author":10,"featured_media":0,"parent":0,"menu_order":0,"comment_status":"closed","ping_status":"closed","template":"","meta":{"_exactmetrics_skip_tracking":false,"_exactmetrics_sitenote_active":false,"_exactmetrics_sitenote_note":"","_exactmetrics_sitenote_category":0,"ngg_post_thumbnail":0,"footnotes":""},"class_list":["post-5606","page","type-page","status-publish","hentry"],"_links":{"self":[{"href":"https:\/\/urbanicc.fr\/index.php\/wp-json\/wp\/v2\/pages\/5606","targetHints":{"allow":["GET"]}}],"collection":[{"href":"https:\/\/urbanicc.fr\/index.php\/wp-json\/wp\/v2\/pages"}],"about":[{"href":"https:\/\/urbanicc.fr\/index.php\/wp-json\/wp\/v2\/types\/page"}],"author":[{"embeddable":true,"href":"https:\/\/urbanicc.fr\/index.php\/wp-json\/wp\/v2\/users\/10"}],"replies":[{"embeddable":true,"href":"https:\/\/urbanicc.fr\/index.php\/wp-json\/wp\/v2\/comments?post=5606"}],"version-history":[{"count":4,"href":"https:\/\/urbanicc.fr\/index.php\/wp-json\/wp\/v2\/pages\/5606\/revisions"}],"predecessor-version":[{"id":5629,"href":"https:\/\/urbanicc.fr\/index.php\/wp-json\/wp\/v2\/pages\/5606\/revisions\/5629"}],"wp:attachment":[{"href":"https:\/\/urbanicc.fr\/index.php\/wp-json\/wp\/v2\/media?parent=5606"}],"curies":[{"name":"wp","href":"https:\/\/api.w.org\/{rel}","templated":true}]}}