{"id":496,"date":"2018-12-06T14:25:53","date_gmt":"2018-12-06T13:25:53","guid":{"rendered":"https:\/\/urbanicc.fr\/?page_id=496"},"modified":"2018-12-19T13:14:05","modified_gmt":"2018-12-19T12:14:05","slug":"thematiques","status":"publish","type":"page","link":"https:\/\/urbanicc.fr\/index.php\/thematiques\/","title":{"rendered":"Th\u00e9matiques"},"content":{"rendered":"\n<p>L\u2019\u00e9chelle de l\u2019op\u00e9ration Ivry Confluences exige la prise en compte des th\u00e9matiques transversales que l\u2019on rencontre habituellement dans la conception urbaine&nbsp;:<\/p>\n\n\n\n<ul class=\"wp-block-list\"><li>programmation scolaire<\/li><li>voirie et circulations<\/li><li>espaces publics \/ espaces verts<\/li><\/ul>\n\n\n\n<p>Chaque th\u00e9matique est trait\u00e9e par un groupe de travail d\u00e9di\u00e9 compos\u00e9 de repr\u00e9sentants des services municipaux de comp\u00e9tence, de l\u2019am\u00e9nageur et des habitants. La ma\u00eetrise d\u2019\u0153uvre urbaine peut \u00eatre associ\u00e9e \u00e0 ces travaux.<\/p>\n\n\n\n<p>Les groupes de travail d\u00e9veloppent des propositions qui sont ensuite pr\u00e9sent\u00e9es en r\u00e9union publique pour y \u00eatre d\u00e9battues.<\/p>\n","protected":false},"excerpt":{"rendered":"<p>L\u2019\u00e9chelle de l\u2019op\u00e9ration Ivry Confluences exige la prise en compte des th\u00e9matiques transversales que l\u2019on rencontre habituellement dans la conception urbaine&nbsp;: programmation scolaire voirie et circulations espaces publics \/ espaces verts Chaque th\u00e9matique est trait\u00e9e par un groupe de travail d\u00e9di\u00e9 compos\u00e9 de repr\u00e9sentants des services municipaux de comp\u00e9tence, de&#46;&#46;&#46;<\/p>\n","protected":false},"author":1,"featured_media":0,"parent":0,"menu_order":0,"comment_status":"closed","ping_status":"closed","template":"","meta":{"_exactmetrics_skip_tracking":false,"_exactmetrics_sitenote_active":false,"_exactmetrics_sitenote_note":"","_exactmetrics_sitenote_category":0,"ngg_post_thumbnail":0,"footnotes":""},"class_list":["post-496","page","type-page","status-publish","hentry"],"_links":{"self":[{"href":"https:\/\/urbanicc.fr\/index.php\/wp-json\/wp\/v2\/pages\/496","targetHints":{"allow":["GET"]}}],"collection":[{"href":"https:\/\/urbanicc.fr\/index.php\/wp-json\/wp\/v2\/pages"}],"about":[{"href":"https:\/\/urbanicc.fr\/index.php\/wp-json\/wp\/v2\/types\/page"}],"author":[{"embeddable":true,"href":"https:\/\/urbanicc.fr\/index.php\/wp-json\/wp\/v2\/users\/1"}],"replies":[{"embeddable":true,"href":"https:\/\/urbanicc.fr\/index.php\/wp-json\/wp\/v2\/comments?post=496"}],"version-history":[{"count":0,"href":"https:\/\/urbanicc.fr\/index.php\/wp-json\/wp\/v2\/pages\/496\/revisions"}],"wp:attachment":[{"href":"https:\/\/urbanicc.fr\/index.php\/wp-json\/wp\/v2\/media?parent=496"}],"curies":[{"name":"wp","href":"https:\/\/api.w.org\/{rel}","templated":true}]}}