{"id":492,"date":"2018-12-06T14:24:30","date_gmt":"2018-12-06T13:24:30","guid":{"rendered":"https:\/\/urbanicc.fr\/?page_id=492"},"modified":"2018-12-19T13:10:17","modified_gmt":"2018-12-19T12:10:17","slug":"gouvernance-citoyenne","status":"publish","type":"page","link":"https:\/\/urbanicc.fr\/index.php\/gouvernance-citoyenne\/","title":{"rendered":"Gouvernance citoyenne"},"content":{"rendered":"\n<p>Le collectif URBANICC a pour ambition de tirer le meilleur parti de la volont\u00e9 affirm\u00e9e par la Ville d\u2019associer les citoyens \u00e0 la r\u00e9novation urbaine, et transcrite dans le mandat donn\u00e9 \u00e0 la ma\u00eetrise d\u2019\u0153uvre pour \u00ab <strong>recueillir la parole des citoyens, les associer aux processus de conception, voire de r\u00e9alisation (\u2026) sur des projets d\u2019\u00e9chelle vari\u00e9e<\/strong> \u00bb [cahier des charges du march\u00e9 de ma\u00eetrise d\u2019\u0153uvre urbaine et des espaces publics, 2018].<\/p>\n\n\n\n<p>Pour r\u00e9aliser cette ambition, nous souhaitons affirmer les principes directeurs qui devraient guider la conception de l\u2019espace urbain r\u00e9nov\u00e9, imaginer les modalit\u00e9s de l\u2019intervention citoyenne dans la fabrique de la ville et en valider le principe avec la ma\u00eetrise d\u2019ouvrage.<\/p>\n\n\n\n<p>Nous avons \u00e9galement lanc\u00e9 une <strong>\u00e9valuation de la qualit\u00e9 des prestations des op\u00e9rateurs immobiliers<\/strong> qui ont livr\u00e9 des logements dans le p\u00e9rim\u00e8tre de la ZAC. Par cette action, nous attendons de la ma\u00eetrise d\u2019ouvrage qu\u2019elle exerce un contr\u00f4le strict des engagements de la ma\u00eetrise d\u2019\u0153uvre d&rsquo;op\u00e9rations dans les projets \u00e0 venir.<\/p>\n\n\n\n<p>D\u2019une mani\u00e8re g\u00e9n\u00e9rale, nous pensons que la d\u00e9signation d\u2019une nouvelle \u00e9quipe de ma\u00eetrise d\u2019\u0153uvre urbaine pr\u00e9vue d\u00e9but 2019 est l\u2019occasion de <strong>renforcer la gouvernance citoyenne dans une logique de co-construction<\/strong>.<\/p>\n","protected":false},"excerpt":{"rendered":"<p>Le collectif URBANICC a pour ambition de tirer le meilleur parti de la volont\u00e9 affirm\u00e9e par la Ville d\u2019associer les citoyens \u00e0 la r\u00e9novation urbaine, et transcrite dans le mandat donn\u00e9 \u00e0 la ma\u00eetrise d\u2019\u0153uvre pour \u00ab recueillir la parole des citoyens, les associer aux processus de conception, voire de&#46;&#46;&#46;<\/p>\n","protected":false},"author":1,"featured_media":0,"parent":0,"menu_order":0,"comment_status":"closed","ping_status":"closed","template":"","meta":{"_exactmetrics_skip_tracking":false,"_exactmetrics_sitenote_active":false,"_exactmetrics_sitenote_note":"","_exactmetrics_sitenote_category":0,"ngg_post_thumbnail":0,"footnotes":""},"class_list":["post-492","page","type-page","status-publish","hentry"],"_links":{"self":[{"href":"https:\/\/urbanicc.fr\/index.php\/wp-json\/wp\/v2\/pages\/492","targetHints":{"allow":["GET"]}}],"collection":[{"href":"https:\/\/urbanicc.fr\/index.php\/wp-json\/wp\/v2\/pages"}],"about":[{"href":"https:\/\/urbanicc.fr\/index.php\/wp-json\/wp\/v2\/types\/page"}],"author":[{"embeddable":true,"href":"https:\/\/urbanicc.fr\/index.php\/wp-json\/wp\/v2\/users\/1"}],"replies":[{"embeddable":true,"href":"https:\/\/urbanicc.fr\/index.php\/wp-json\/wp\/v2\/comments?post=492"}],"version-history":[{"count":0,"href":"https:\/\/urbanicc.fr\/index.php\/wp-json\/wp\/v2\/pages\/492\/revisions"}],"wp:attachment":[{"href":"https:\/\/urbanicc.fr\/index.php\/wp-json\/wp\/v2\/media?parent=492"}],"curies":[{"name":"wp","href":"https:\/\/api.w.org\/{rel}","templated":true}]}}

<p>Le collectif URBANICC a pour ambition de tirer le meilleur parti de la volonté affirmée par la Ville d’associer les citoyens à la rénovation urbaine, et transcrite dans le mandat donné à la maîtrise d’œuvre pour « <strong>recueillir la parole des citoyens, les associer aux processus de conception, voire de réalisation (…) sur des projets d’échelle variée</strong> » [cahier des charges du marché de maîtrise d’œuvre urbaine et des espaces publics, 2018].</p>



<p>Pour réaliser cette ambition, nous souhaitons affirmer les principes directeurs qui devraient guider la conception de l’espace urbain rénové, imaginer les modalités de l’intervention citoyenne dans la fabrique de la ville et en valider le principe avec la maîtrise d’ouvrage.</p>



<p>Nous avons également lancé une <strong>évaluation de la qualité des prestations des opérateurs immobiliers</strong> qui ont livré des logements dans le périmètre de la ZAC. Par cette action, nous attendons de la maîtrise d’ouvrage qu’elle exerce un contrôle strict des engagements de la maîtrise d’œuvre d&rsquo;opérations dans les projets à venir.</p>



<p>D’une manière générale, nous pensons que la désignation d’une nouvelle équipe de maîtrise d’œuvre urbaine prévue début 2019 est l’occasion de <strong>renforcer la gouvernance citoyenne dans une logique de co-construction</strong>.</p>

<p>Le collectif URBANICC a pour ambition de tirer le meilleur parti de la volonté affirmée par la Ville d’associer les citoyens à la rénovation urbaine, et transcrite dans le mandat donné à la maîtrise d’œuvre pour « recueillir la parole des citoyens, les associer aux processus de conception, voire de&#46;&#46;&#46;</p>
