{"id":352,"date":"2018-12-04T23:41:23","date_gmt":"2018-12-04T22:41:23","guid":{"rendered":"https:\/\/urbanicc.fr\/?page_id=352"},"modified":"2019-01-08T17:41:26","modified_gmt":"2019-01-08T16:41:26","slug":"objectif-et-modes-daction","status":"publish","type":"page","link":"https:\/\/urbanicc.fr\/index.php\/objectif-et-modes-daction\/","title":{"rendered":"Modes d\u2019action"},"content":{"rendered":"\n<h2 class=\"wp-block-heading\"><del>Nous jouons un r\u00f4le d\u2019entra\u00eenement<\/del> dans notre relation avec les \u00e9lus, l\u2019atelier d\u2019urbanisme de la Ville et l\u2019am\u00e9nageur en ce qui concerne la r\u00e9flexion, la conception et le suivi des r\u00e9alisations<\/h2>\n\n\n\n<p>Nous co-animons les \u00ab&nbsp;ateliers du jeudi&nbsp;\u00bb consacr\u00e9s aux \u00e9changes avec la&nbsp;ma\u00eetrise d\u2019ouvrage et les \u00e9lus.<\/p>\n\n\n\n<p>Nous proposons un cadre m\u00e9thodologique visant \u00e0 assurer l\u2019efficacit\u00e9 de ces \u00e9changes&nbsp;et leur traduction en actions concr\u00e8tes&nbsp;(outils de suivi, identification des contributeurs dont la pr\u00e9sence est indispensable\u2026).<\/p>\n\n\n\n<p>Nous identifions des projets et des th\u00e9matiques transversales qui requi\u00e8rent un travail de fond, et contribuons \u00e0 la mise en place de groupes de travail d\u00e9di\u00e9s.<\/p>\n\n\n\n<p>Nous portons une d\u00e9marche architecturale exigeante en mati\u00e8re de qualit\u00e9 et soucieuse de renouveler les formes et les usages.<\/p>\n\n\n\n<div style=\"height:35px\" aria-hidden=\"true\" class=\"wp-block-spacer\"><\/div>\n\n\n\n<ul class=\"wp-block-gallery aligncenter columns-2 is-cropped wp-block-gallery-1 is-layout-flex wp-block-gallery-is-layout-flex\"><li class=\"blocks-gallery-item\"><figure><img loading=\"lazy\" decoding=\"async\" width=\"960\" height=\"720\" src=\"https:\/\/urbanicc.fr\/wp-content\/uploads\/2018\/12\/atelier_du_jeudi3-1.jpg\" alt=\"\" data-id=\"512\" data-link=\"https:\/\/urbanicc.fr\/index.php\/objectif-et-modes-daction\/atelier_du_jeudi3-2\/\" class=\"wp-image-512\" srcset=\"https:\/\/urbanicc.fr\/wp-content\/uploads\/2018\/12\/atelier_du_jeudi3-1.jpg 960w, https:\/\/urbanicc.fr\/wp-content\/uploads\/2018\/12\/atelier_du_jeudi3-1-300x225.jpg 300w, https:\/\/urbanicc.fr\/wp-content\/uploads\/2018\/12\/atelier_du_jeudi3-1-768x576.jpg 768w\" sizes=\"auto, (max-width: 960px) 100vw, 960px\" \/><\/figure><\/li><li class=\"blocks-gallery-item\"><figure><img loading=\"lazy\" decoding=\"async\" width=\"1007\" height=\"755\" src=\"https:\/\/urbanicc.fr\/wp-content\/uploads\/2018\/12\/atelier_du_jeudi3.jpg\" alt=\"\" data-id=\"511\" data-link=\"https:\/\/urbanicc.fr\/index.php\/objectif-et-modes-daction\/atelier_du_jeudi3\/\" class=\"wp-image-511\" srcset=\"https:\/\/urbanicc.fr\/wp-content\/uploads\/2018\/12\/atelier_du_jeudi3.jpg 1007w, https:\/\/urbanicc.fr\/wp-content\/uploads\/2018\/12\/atelier_du_jeudi3-300x225.jpg 300w, https:\/\/urbanicc.fr\/wp-content\/uploads\/2018\/12\/atelier_du_jeudi3-768x576.jpg 768w\" sizes=\"auto, (max-width: 1007px) 100vw, 1007px\" \/><\/figure><\/li><\/ul>\n\n\n\n<h2 class=\"wp-block-heading\"><del>Nous sommes force de proposition pour la fabrication d\u2019un espace urbain attractif<\/del><\/h2>\n\n\n\n<p>Nous interagissons avec la ma\u00eetrise d\u2019ouvrage par un processus d\u2019examen critique de leurs productions, et alimentons le d\u00e9bat citoyen en \u00e9l\u00e9ments de r\u00e9flexion et propositions alternatives.<\/p>\n\n\n\n<p>Nous faisons appel \u00e0 des ressources externes (professionnels, documentation iconographique) afin de multiplier et diversifier les sources d\u2019inspiration.<\/p>\n\n\n\n<h2 class=\"wp-block-heading\"><del>Nous veillons au libre acc\u00e8s \u00e0 toute information n\u00e9cessaire \u00e0 la prise de d\u00e9cision citoyenne<\/del><\/h2>\n\n\n\n<p>Nous participons au recensement de l\u2019information dont la vocation est d\u2019\u00eatre rendue publique dans l\u2019esprit du mouvement \u00ab&nbsp;open data&nbsp;\u00bb, et agissons pour la rendre disponible sous une forme directement exploitable pour les besoins de la participation citoyenne \u00e0 l\u2019op\u00e9ration Ivry Confluences.<\/p>\n\n\n\n<p>Nous contribuons \u00e0 la mise en \u0153uvre d\u2019outils pouvant am\u00e9liorer l\u2019efficacit\u00e9 du travail collectif et aider \u00e0 la prise de d\u00e9cision.<\/p>\n\n\n\n<p><\/p>\n","protected":false},"excerpt":{"rendered":"<p>Nous jouons un r\u00f4le d\u2019entra\u00eenement dans notre relation avec les \u00e9lus, l\u2019atelier d\u2019urbanisme de la Ville et l\u2019am\u00e9nageur en ce qui concerne la r\u00e9flexion, la conception et le suivi des r\u00e9alisations Nous co-animons les \u00ab&nbsp;ateliers du jeudi&nbsp;\u00bb consacr\u00e9s aux \u00e9changes avec la&nbsp;ma\u00eetrise d\u2019ouvrage et les \u00e9lus. Nous proposons un cadre&#46;&#46;&#46;<\/p>\n","protected":false},"author":1,"featured_media":0,"parent":0,"menu_order":0,"comment_status":"closed","ping_status":"closed","template":"","meta":{"_exactmetrics_skip_tracking":false,"_exactmetrics_sitenote_active":false,"_exactmetrics_sitenote_note":"","_exactmetrics_sitenote_category":0,"ngg_post_thumbnail":0,"footnotes":""},"class_list":["post-352","page","type-page","status-publish","hentry"],"_links":{"self":[{"href":"https:\/\/urbanicc.fr\/index.php\/wp-json\/wp\/v2\/pages\/352","targetHints":{"allow":["GET"]}}],"collection":[{"href":"https:\/\/urbanicc.fr\/index.php\/wp-json\/wp\/v2\/pages"}],"about":[{"href":"https:\/\/urbanicc.fr\/index.php\/wp-json\/wp\/v2\/types\/page"}],"author":[{"embeddable":true,"href":"https:\/\/urbanicc.fr\/index.php\/wp-json\/wp\/v2\/users\/1"}],"replies":[{"embeddable":true,"href":"https:\/\/urbanicc.fr\/index.php\/wp-json\/wp\/v2\/comments?post=352"}],"version-history":[{"count":0,"href":"https:\/\/urbanicc.fr\/index.php\/wp-json\/wp\/v2\/pages\/352\/revisions"}],"wp:attachment":[{"href":"https:\/\/urbanicc.fr\/index.php\/wp-json\/wp\/v2\/media?parent=352"}],"curies":[{"name":"wp","href":"https:\/\/api.w.org\/{rel}","templated":true}]}}