{"id":2146,"date":"2020-01-27T14:35:46","date_gmt":"2020-01-27T13:35:46","guid":{"rendered":"https:\/\/urbanicc.fr\/?page_id=2146"},"modified":"2020-03-05T14:38:09","modified_gmt":"2020-03-05T13:38:09","slug":"groupe-scolaire-bhv-rencontre-avec-le-maire-et-emmanuelle-colboc","status":"publish","type":"page","link":"https:\/\/urbanicc.fr\/index.php\/groupe-scolaire-bhv-rencontre-avec-le-maire-et-emmanuelle-colboc\/","title":{"rendered":"Groupe scolaire BHV \u2013 rencontre avec le maire et l&rsquo;architecte"},"content":{"rendered":"\n<h2 class=\"wp-block-heading\"><s>Deuxi\u00e8me article de notre s\u00e9rie consacr\u00e9e au projet de construction d&rsquo;un nouveau groupe scolaire, d&rsquo;un gymnase, et de logements \u00e9tudiants sur l&rsquo;ancien site des entrep\u00f4ts BHV.<\/s><\/h2>\n\n\n\n<div style=\"height:58px\" aria-hidden=\"true\" class=\"wp-block-spacer\"><\/div>\n\n\n\n<div class=\"wp-block-columns is-layout-flex wp-container-core-columns-is-layout-9d6595d7 wp-block-columns-is-layout-flex\">\n<div class=\"wp-block-column is-layout-flow wp-block-column-is-layout-flow\" style=\"flex-basis:66.66%\">\n<p>En r\u00e9ponse \u00e0 notre distribution de tracts d\u00e9non\u00e7ant certaines aberrations de ce projet imagin\u00e9 par Emmanuelle Colboc, URBANICC et LAPIC ont \u00e9t\u00e9 invit\u00e9s \u00e0 rencontrer le maire Philippe Bouyssou, son \u00e9quipe et les acteurs du projet.<\/p>\n\n\n\n<figure class=\"wp-block-image size-large\"><img loading=\"lazy\" decoding=\"async\" width=\"1024\" height=\"509\" src=\"https:\/\/urbanicc.fr\/wp-content\/uploads\/2020\/01\/PC-11-ETUDE-DIMPACT_Page_018_Image_0002-1024x509.jpg\" alt=\"\" class=\"wp-image-2189\" srcset=\"https:\/\/urbanicc.fr\/wp-content\/uploads\/2020\/01\/PC-11-ETUDE-DIMPACT_Page_018_Image_0002-1024x509.jpg 1024w, https:\/\/urbanicc.fr\/wp-content\/uploads\/2020\/01\/PC-11-ETUDE-DIMPACT_Page_018_Image_0002-300x149.jpg 300w, https:\/\/urbanicc.fr\/wp-content\/uploads\/2020\/01\/PC-11-ETUDE-DIMPACT_Page_018_Image_0002-768x381.jpg 768w, https:\/\/urbanicc.fr\/wp-content\/uploads\/2020\/01\/PC-11-ETUDE-DIMPACT_Page_018_Image_0002-1536x763.jpg 1536w, https:\/\/urbanicc.fr\/wp-content\/uploads\/2020\/01\/PC-11-ETUDE-DIMPACT_Page_018_Image_0002-2048x1017.jpg 2048w\" sizes=\"auto, (max-width: 1024px) 100vw, 1024px\" \/><\/figure>\n\n\n\n<h3 class=\"wp-block-heading\">Les enjeux<\/h3>\n\n\n\n<p><strong><s>L&rsquo;occasion pour nous de faire part de nos interrogations sur les r\u00e9ponses qu\u2019apporte ce projet d\u2019\u00e9quipements scolaires, sportifs et de logements \u00e9tudiants aux enjeux de la ville de demain, aux attentes des habitants et parents, notamment :<\/s><\/strong><\/p>\n\n\n\n<p><\/p>\n\n\n\n<ul class=\"wp-block-list\"><li>l\u2019urgence climatique,<\/li><li>le projet p\u00e9dagogique pris en compte dans le programme et le cahier des charges,<\/li><li>la capacit\u00e9 d\u2019\u00e9volution des b\u00e2timents scolaires dans la perspective d\u2019\u00e9ventuels nouveaux besoins tant qualitatifs que quantitatifs,<\/li><li>le traitement des questions acoustiques dans les cours d\u2019\u00e9cole,<\/li><li>la contribution \u00e0 l\u2019attractivit\u00e9 tant \u00e9conomique que r\u00e9sidentielle du quartier, de ces \u00e9quipements qui vont jouer un r\u00f4le majeur dans son fonctionnement quotidien,<\/li><li>la prise en compte des besoins li\u00e9s \u00e0 la mobilit\u00e9 douce.<\/li><\/ul>\n\n\n\n<div style=\"height:20px\" aria-hidden=\"true\" class=\"wp-block-spacer\"><\/div>\n\n\n\n<h3 class=\"wp-block-heading\">Evolution du projet<\/h3>\n\n\n\n<p>Apr\u00e8s un \u00e9change autour de ces questions, <strong><s>nous avons r\u00e9ussi \u00e0 obtenir quelques adaptations<\/s><\/strong>, qui, \u00e0 ce stade du projet, ne peuvent \u00eatre que mineures (et n&rsquo;auront aucun impact sur le planning de livraison). <strong><s>Le maire s&rsquo;est engag\u00e9 \u00e0 \u00e9tudier avec Emmaulelle Colboc et ses services, leur int\u00e9gration<\/s><\/strong> :<\/p>\n\n\n\n<ul class=\"wp-block-list\"><li>le renforcement de la v\u00e9g\u00e9talisation de la cour d\u2019\u00e9cole primaire (plus d\u2019arbres ?),<\/li><li>l&rsquo;installation de brumisateurs pour rafra\u00eechir la cour de l&rsquo;\u00e9cole maternelle (\u00e0 d\u00e9faut d&rsquo;une meilleur solution),<\/li><li>la mise en place de rev\u00eatements perm\u00e9ables des cours d\u2019\u00e9cole,<\/li><li>la facilitation de l\u2019acc\u00e8s \u00e0 l\u2019\u00e9cole maternelle \u00e0 l\u2019\u00e9tage pour les parents et accompagnants \u00e9quip\u00e9s de poussettes, l\u2019escalier pr\u00e9vu constituant un obstacle. Il nous semble important que soit \u00e9tudi\u00e9e la possibilit\u00e9 de prolonger la rampe d\u2019acc\u00e8s jusqu&rsquo;au 2\u00e8me niveau de l\u2019\u00e9cole,<\/li><li>la v\u00e9rification que le ratio retenu pour les places de v\u00e9los s\u00e9curis\u00e9es \u00e0 disposition des logements \u00e9tudiants, &nbsp;qui para\u00eet faible prend en compte l\u2019\u00e9volution des modes de d\u00e9placement (35 emplacements pour 280 logements).&nbsp;<\/li><\/ul>\n\n\n\n<div style=\"height:20px\" aria-hidden=\"true\" class=\"wp-block-spacer\"><\/div>\n\n\n\n<p>Nous aurions souhait\u00e9 avoir des pr\u00e9cisions sur le caract\u00e8re \u00e9volutif et mutable des locaux, question que nous n\u2019avons pas r\u00e9ellement abord\u00e9e. Rappelons par exemple le programme de d\u00e9doublement de certaines classes d\u00e9but\u00e9 en 2017 par l&rsquo;Education Nationale. Il est donc primordial d&rsquo;avoir des salles de&nbsp; classes \u00e9volutives afin d&rsquo;\u00e9viter des co\u00fbts futurs.<\/p>\n\n\n\n<div style=\"height:20px\" aria-hidden=\"true\" class=\"wp-block-spacer\"><\/div>\n\n\n\n<h3 class=\"wp-block-heading\">Parvis et place du march\u00e9<\/h3>\n\n\n\n<p>L\u2019am\u00e9nagement de la place devant le groupe scolaire a \u00e9galement \u00e9t\u00e9 \u00e9voqu\u00e9. Cet espace doit contribuer \u00e0 la v\u00e9g\u00e9talisation du secteur et, par exemple, pourrait pr\u00e9voir la pr\u00e9sence d\u2019arbres le long de la fa\u00e7ade des b\u00e2timents scolaires, afin d&rsquo;att\u00e9nuer les effets d&rsquo;\u00eelot de chaleur d&rsquo;un secteur tr\u00e8s min\u00e9ral.<\/p>\n<\/div>\n\n\n\n<div class=\"wp-block-column is-layout-flow wp-block-column-is-layout-flow\" style=\"flex-basis:33.33%\">\n<p class=\"has-background has-very-light-gray-background-color\"><strong>Ecole provisoire<\/strong><br>Sans surprise, la ville a annonc\u00e9 officiellement le d\u00e9calage de l&rsquo;ouverture de l&rsquo;\u00e9cole, pr\u00e9vue maintenant pour la rentr\u00e9e 2022.<br>Dans l&rsquo;intervalle, pour d\u00e9lester les autres \u00e9coles du quartier, l&rsquo;ouverture d&rsquo;un \u00e9cole provisoire de 6 classes a \u00e9t\u00e9 d\u00e9cid\u00e9 (budget non connu). Ainsi que l\u2019agrandissement de l&rsquo;\u00e9cole Rosalind Franklin pour 1,3M\u20ac (3 classes).<\/p>\n\n\n\n<div style=\"height:55px\" aria-hidden=\"true\" class=\"wp-block-spacer\"><\/div>\n\n\n\n<figure class=\"wp-block-image size-large is-resized\"><img loading=\"lazy\" decoding=\"async\" src=\"https:\/\/urbanicc.fr\/wp-content\/uploads\/2020\/01\/emmanuelle-colboc21-682x1024-1.jpg\" alt=\"\" class=\"wp-image-2158\" width=\"256\" height=\"384\" srcset=\"https:\/\/urbanicc.fr\/wp-content\/uploads\/2020\/01\/emmanuelle-colboc21-682x1024-1.jpg 682w, https:\/\/urbanicc.fr\/wp-content\/uploads\/2020\/01\/emmanuelle-colboc21-682x1024-1-200x300.jpg 200w\" sizes=\"auto, (max-width: 256px) 100vw, 256px\" \/><figcaption>[<a rel=\"noreferrer noopener\" aria-label=\"source (ouverture dans un nouvel onglet)\" href=\"http:\/\/www.emmanuelle-colboc.com\/\" target=\"_blank\">source<\/a>]<\/figcaption><\/figure>\n\n\n\n<p class=\"has-background has-very-light-gray-background-color\"><strong>Emmanuelle Colboc<\/strong><br>Architecte, elle a contribu\u00e9 \u00e0 plusieurs autres projets \u00e0 Ivry-sur-Seine :<br>&#8211; ensemble de 82 logements dans la ZAC Michelet (2003)<br>&#8211; am\u00e9nagement de voie pi\u00e9tonne (2003)<br>&#8211; charg\u00e9e de la r\u00e9habilitation du Centre Jeanne Hachette (2005)<\/p>\n\n\n\n<p class=\"has-background has-very-light-gray-background-color\"><strong>Une \u00e9cole maternelle en \u00e9tage<\/strong><br>Nous regrettons ce choix pour plusieurs raisons :<br>&#8211; une cour en toiture, en plein soleil, sans arbre,<br>&#8211; acc\u00e8s aux classes par un escalier : acc\u00e8s d\u00e9licat pour les enfants en bas age, acc\u00e8s difficile pour les accompagnants avec poussette (rappelons qu&rsquo;en maternelle, les enfants sont d\u00e9pos\u00e9s \u00e0 la porte de leur salle de classe),<br>&#8211; n\u00e9cessit\u00e9 de changer d&rsquo;\u00e9tage pour rejoindre la cantine et les locaux du centre de loisir.<br><\/p>\n\n\n\n<p class=\"has-background has-very-light-gray-background-color\"><strong>Logements \u00e9tudiants<\/strong><br>Ils sont consid\u00e9r\u00e9s ici comme \u00e9tablissement public. Ce stratag\u00e8me permet de r\u00e9duire consid\u00e9rablement le nombre de places  pour les v\u00e9los, et bride le d\u00e9veloppement de l&rsquo;\u00e9co-mobilit\u00e9.<\/p>\n<\/div>\n<\/div>\n\n\n\n<p><\/p>\n\n\n\n<h3 class=\"wp-block-heading\">Concertation<\/h3>\n\n\n\n<p>Nous regrettons que les habitants&nbsp; n&rsquo;aient pas \u00e9t\u00e9 consult\u00e9s en amont d\u00e9s de la d\u00e9finition du programme et du cahier des charges, ce qui nous aurait \u00e9vit\u00e9 de r\u00e9agir en fin du processus d\u2019\u00e9laboration du projet, trop tard. Aussi nous esp\u00e9rons que l\u2019arriv\u00e9e d\u2019une nouvelle \u00e9quipe de ma\u00eetrise d\u2019\u0153uvre pour la coordination de la ZAC sera l\u2019occasion de renforcer la d\u00e9marche de concertation selon des modalit\u00e9s qui permettront aux habitants, dans leur diversit\u00e9, de participer \u00e0 toutes les \u00e9tapes du projet global et de ses op\u00e9rations.<\/p>\n\n\n\n<div style=\"height:40px\" aria-hidden=\"true\" class=\"wp-block-spacer\"><\/div>\n\n\n\n<div style=\"height:33px\" aria-hidden=\"true\" class=\"wp-block-spacer\"><\/div>\n\n\n\n<h3 class=\"wp-block-heading\"><s>Nous retenons que ce projet accompagne avant tout la densification du quartier. Les autres enjeux, dont la demande forte des habitants pour des espaces agr\u00e9ables, verts et respirables, sont clairement n\u00e9glig\u00e9s.<\/s><\/h3>\n\n\n\n<h3 class=\"wp-block-heading\"><s>URBANICC partage les objectifs environnementaux, sociaux et \u00e9conomiques qui doivent guider le grand projet urbain Ivry Confluences. Nous entendons apporter la contribution de notre collectif dans le cadre d\u2019une mobilisation large des habitants.<\/s><\/h3>\n\n\n\n<div style=\"height:41px\" aria-hidden=\"true\" class=\"wp-block-spacer\"><\/div>\n\n\n\n<p><strong><s>Prochaine \u00e9tape :<\/s><\/strong> la ville s&rsquo;est engag\u00e9e \u00e0 revenir vers nous  pour faire un retour sur les modifications discut\u00e9es.<\/p>\n\n\n\n<p><strong><em>[article publi\u00e9 le 27\/01\/2020]<\/em><\/strong><\/p>\n\n\n\n<div style=\"height:100px\" aria-hidden=\"true\" class=\"wp-block-spacer\"><\/div>\n\n\n\n<p><\/p>\n\n\n\n<p><strong><em>[ajout du 05\/03\/2020]<\/em><\/strong><\/p>\n\n\n\n<h3 class=\"wp-block-heading\"><s>R\u00e9ponse de la mairie suite aux modifications demand\u00e9es lors de la rencontre :<\/s><\/h3>\n\n\n\n<figure class=\"wp-block-gallery columns-3 is-cropped wp-block-gallery-1 is-layout-flex wp-block-gallery-is-layout-flex\"><ul class=\"blocks-gallery-grid\"><li class=\"blocks-gallery-item\"><figure><a href=\"https:\/\/urbanicc.fr\/wp-content\/uploads\/2020\/03\/Projet_3E_reponse_mairie_11.02.2020_page_1-scaled.jpg\"><img loading=\"lazy\" decoding=\"async\" width=\"724\" height=\"1024\" src=\"https:\/\/urbanicc.fr\/wp-content\/uploads\/2020\/03\/Projet_3E_reponse_mairie_11.02.2020_page_1-724x1024.jpg\" alt=\"\" data-id=\"2758\" data-full-url=\"https:\/\/urbanicc.fr\/wp-content\/uploads\/2020\/03\/Projet_3E_reponse_mairie_11.02.2020_page_1-scaled.jpg\" data-link=\"https:\/\/urbanicc.fr\/index.php\/groupe-scolaire-bhv-rencontre-avec-le-maire-et-emmanuelle-colboc\/projet_3e_reponse_mairie_11-02-2020_page_1\/\" class=\"wp-image-2758\" srcset=\"https:\/\/urbanicc.fr\/wp-content\/uploads\/2020\/03\/Projet_3E_reponse_mairie_11.02.2020_page_1-724x1024.jpg 724w, https:\/\/urbanicc.fr\/wp-content\/uploads\/2020\/03\/Projet_3E_reponse_mairie_11.02.2020_page_1-212x300.jpg 212w, https:\/\/urbanicc.fr\/wp-content\/uploads\/2020\/03\/Projet_3E_reponse_mairie_11.02.2020_page_1-768x1086.jpg 768w, https:\/\/urbanicc.fr\/wp-content\/uploads\/2020\/03\/Projet_3E_reponse_mairie_11.02.2020_page_1-1086x1536.jpg 1086w, https:\/\/urbanicc.fr\/wp-content\/uploads\/2020\/03\/Projet_3E_reponse_mairie_11.02.2020_page_1-1448x2048.jpg 1448w, https:\/\/urbanicc.fr\/wp-content\/uploads\/2020\/03\/Projet_3E_reponse_mairie_11.02.2020_page_1-scaled.jpg 1810w\" sizes=\"auto, (max-width: 724px) 100vw, 724px\" \/><\/a><\/figure><\/li><li class=\"blocks-gallery-item\"><figure><a href=\"https:\/\/urbanicc.fr\/wp-content\/uploads\/2020\/03\/Projet_3E_reponse_mairie_11.02.2020_page_2-scaled.jpg\"><img loading=\"lazy\" decoding=\"async\" width=\"724\" height=\"1024\" src=\"https:\/\/urbanicc.fr\/wp-content\/uploads\/2020\/03\/Projet_3E_reponse_mairie_11.02.2020_page_2-724x1024.jpg\" alt=\"\" data-id=\"2759\" data-full-url=\"https:\/\/urbanicc.fr\/wp-content\/uploads\/2020\/03\/Projet_3E_reponse_mairie_11.02.2020_page_2-scaled.jpg\" data-link=\"https:\/\/urbanicc.fr\/index.php\/groupe-scolaire-bhv-rencontre-avec-le-maire-et-emmanuelle-colboc\/projet_3e_reponse_mairie_11-02-2020_page_2\/\" class=\"wp-image-2759\" srcset=\"https:\/\/urbanicc.fr\/wp-content\/uploads\/2020\/03\/Projet_3E_reponse_mairie_11.02.2020_page_2-724x1024.jpg 724w, https:\/\/urbanicc.fr\/wp-content\/uploads\/2020\/03\/Projet_3E_reponse_mairie_11.02.2020_page_2-212x300.jpg 212w, https:\/\/urbanicc.fr\/wp-content\/uploads\/2020\/03\/Projet_3E_reponse_mairie_11.02.2020_page_2-768x1086.jpg 768w, https:\/\/urbanicc.fr\/wp-content\/uploads\/2020\/03\/Projet_3E_reponse_mairie_11.02.2020_page_2-1086x1536.jpg 1086w, https:\/\/urbanicc.fr\/wp-content\/uploads\/2020\/03\/Projet_3E_reponse_mairie_11.02.2020_page_2-1448x2048.jpg 1448w, https:\/\/urbanicc.fr\/wp-content\/uploads\/2020\/03\/Projet_3E_reponse_mairie_11.02.2020_page_2-scaled.jpg 1810w\" sizes=\"auto, (max-width: 724px) 100vw, 724px\" \/><\/a><\/figure><\/li><li class=\"blocks-gallery-item\"><figure><a href=\"https:\/\/urbanicc.fr\/wp-content\/uploads\/2020\/03\/Projet_3E_reponse_mairie_11.02.2020_page_3-scaled.jpg\"><img loading=\"lazy\" decoding=\"async\" width=\"724\" height=\"1024\" src=\"https:\/\/urbanicc.fr\/wp-content\/uploads\/2020\/03\/Projet_3E_reponse_mairie_11.02.2020_page_3-724x1024.jpg\" alt=\"\" data-id=\"2760\" data-full-url=\"https:\/\/urbanicc.fr\/wp-content\/uploads\/2020\/03\/Projet_3E_reponse_mairie_11.02.2020_page_3-scaled.jpg\" data-link=\"https:\/\/urbanicc.fr\/index.php\/groupe-scolaire-bhv-rencontre-avec-le-maire-et-emmanuelle-colboc\/projet_3e_reponse_mairie_11-02-2020_page_3\/\" class=\"wp-image-2760\" srcset=\"https:\/\/urbanicc.fr\/wp-content\/uploads\/2020\/03\/Projet_3E_reponse_mairie_11.02.2020_page_3-724x1024.jpg 724w, https:\/\/urbanicc.fr\/wp-content\/uploads\/2020\/03\/Projet_3E_reponse_mairie_11.02.2020_page_3-212x300.jpg 212w, https:\/\/urbanicc.fr\/wp-content\/uploads\/2020\/03\/Projet_3E_reponse_mairie_11.02.2020_page_3-768x1086.jpg 768w, https:\/\/urbanicc.fr\/wp-content\/uploads\/2020\/03\/Projet_3E_reponse_mairie_11.02.2020_page_3-1086x1536.jpg 1086w, https:\/\/urbanicc.fr\/wp-content\/uploads\/2020\/03\/Projet_3E_reponse_mairie_11.02.2020_page_3-1448x2048.jpg 1448w, https:\/\/urbanicc.fr\/wp-content\/uploads\/2020\/03\/Projet_3E_reponse_mairie_11.02.2020_page_3-scaled.jpg 1810w\" sizes=\"auto, (max-width: 724px) 100vw, 724px\" \/><\/a><\/figure><\/li><\/ul><\/figure>\n\n\n\n<div style=\"height:100px\" aria-hidden=\"true\" class=\"wp-block-spacer\"><\/div>\n\n\n\n<p><\/p>\n","protected":false},"excerpt":{"rendered":"<p>Deuxi\u00e8me article de notre s\u00e9rie consacr\u00e9e au projet de construction d&rsquo;un nouveau groupe scolaire, d&rsquo;un gymnase, et de logements \u00e9tudiants sur l&rsquo;ancien site des entrep\u00f4ts BHV. En r\u00e9ponse \u00e0 notre distribution de tracts d\u00e9non\u00e7ant certaines aberrations de ce projet imagin\u00e9 par Emmanuelle Colboc, URBANICC et LAPIC ont \u00e9t\u00e9 invit\u00e9s \u00e0&#46;&#46;&#46;<\/p>\n","protected":false},"author":1,"featured_media":2189,"parent":0,"menu_order":0,"comment_status":"closed","ping_status":"closed","template":"","meta":{"_exactmetrics_skip_tracking":false,"_exactmetrics_sitenote_active":false,"_exactmetrics_sitenote_note":"","_exactmetrics_sitenote_category":0,"ngg_post_thumbnail":0,"footnotes":""},"class_list":["post-2146","page","type-page","status-publish","has-post-thumbnail","hentry"],"_links":{"self":[{"href":"https:\/\/urbanicc.fr\/index.php\/wp-json\/wp\/v2\/pages\/2146","targetHints":{"allow":["GET"]}}],"collection":[{"href":"https:\/\/urbanicc.fr\/index.php\/wp-json\/wp\/v2\/pages"}],"about":[{"href":"https:\/\/urbanicc.fr\/index.php\/wp-json\/wp\/v2\/types\/page"}],"author":[{"embeddable":true,"href":"https:\/\/urbanicc.fr\/index.php\/wp-json\/wp\/v2\/users\/1"}],"replies":[{"embeddable":true,"href":"https:\/\/urbanicc.fr\/index.php\/wp-json\/wp\/v2\/comments?post=2146"}],"version-history":[{"count":0,"href":"https:\/\/urbanicc.fr\/index.php\/wp-json\/wp\/v2\/pages\/2146\/revisions"}],"wp:featuredmedia":[{"embeddable":true,"href":"https:\/\/urbanicc.fr\/index.php\/wp-json\/wp\/v2\/media\/2189"}],"wp:attachment":[{"href":"https:\/\/urbanicc.fr\/index.php\/wp-json\/wp\/v2\/media?parent=2146"}],"curies":[{"name":"wp","href":"https:\/\/api.w.org\/{rel}","templated":true}]}}